Last updated on 2024-05-07 18:49:43 CEST.
Flavor | Version | Tinstall | Tcheck | Ttotal | Status | Flags |
---|---|---|---|---|---|---|
r-devel-linux-x86_64-debian-clang | 0.3.3 | 18.47 | 31.04 | 49.51 | NOTE | |
r-devel-linux-x86_64-debian-gcc | 0.3.3 | 13.41 | 23.65 | 37.06 | NOTE | |
r-devel-linux-x86_64-fedora-clang | 0.3.3 | 72.64 | NOTE | |||
r-devel-linux-x86_64-fedora-gcc | 0.3.3 | 111.64 | NOTE | |||
r-devel-windows-x86_64 | 0.3.3 | 18.00 | 64.00 | 82.00 | NOTE | |
r-patched-linux-x86_64 | 0.3.3 | 21.29 | 29.98 | 51.27 | NOTE | |
r-release-linux-x86_64 | 0.3.3 | 19.06 | 30.40 | 49.46 | NOTE | |
r-release-macos-arm64 | 0.3.3 | 23.00 | NOTE | |||
r-release-windows-x86_64 | 0.3.3 | 19.00 | 63.00 | 82.00 | NOTE | |
r-oldrel-macos-arm64 | 0.3.3 | 26.00 | NOTE | |||
r-oldrel-macos-x86_64 | 0.3.3 | 37.00 | NOTE | |||
r-oldrel-windows-x86_64 | 0.3.3 | 21.00 | 71.00 | 92.00 | NOTE |
Version: 0.3.3
Check: C++ specification
Result: NOTE
Specified C++11: please drop specification unless essential
Flavors: r-devel-linux-x86_64-debian-clang, r-devel-linux-x86_64-debian-gcc, r-devel-linux-x86_64-fedora-clang, r-devel-linux-x86_64-fedora-gcc, r-devel-windows-x86_64, r-patched-linux-x86_64, r-release-linux-x86_64, r-release-macos-arm64, r-release-windows-x86_64, r-oldrel-macos-arm64, r-oldrel-macos-x86_64, r-oldrel-windows-x86_64