Last updated on 2024-05-07 18:49:44 CEST.
Flavor | Version | Tinstall | Tcheck | Ttotal | Status | Flags |
---|---|---|---|---|---|---|
r-devel-linux-x86_64-debian-clang | 0.2.1 | 2.49 | 44.11 | 46.60 | OK | |
r-devel-linux-x86_64-debian-gcc | 0.2.1 | 1.33 | 31.94 | 33.27 | OK | |
r-devel-linux-x86_64-fedora-clang | 0.2.1 | 60.06 | NOTE | |||
r-devel-linux-x86_64-fedora-gcc | 0.2.1 | 70.60 | OK | |||
r-devel-windows-x86_64 | 0.2.1 | 3.00 | 51.00 | 54.00 | OK | |
r-patched-linux-x86_64 | 0.2.1 | 2.51 | 42.23 | 44.74 | OK | |
r-release-linux-x86_64 | 0.2.1 | 1.87 | 42.16 | 44.03 | OK | |
r-release-macos-arm64 | 0.2.1 | 21.00 | OK | |||
r-release-windows-x86_64 | 0.2.1 | 3.00 | 50.00 | 53.00 | OK | |
r-oldrel-macos-arm64 | 0.2.1 | 22.00 | OK | |||
r-oldrel-macos-x86_64 | 0.2.1 | 32.00 | OK | |||
r-oldrel-windows-x86_64 | 0.2.1 | 3.00 | 56.00 | 59.00 | OK |
Version: 0.2.1
Check: Rd cross-references
Result: NOTE
Undeclared package ‘tibble’ in Rd xrefs
Flavor: r-devel-linux-x86_64-fedora-clang