Last updated on 2024-03-28 17:49:26 CET.
Flavor | Version | Tinstall | Tcheck | Ttotal | Status | Flags |
---|---|---|---|---|---|---|
r-devel-linux-x86_64-debian-clang | 1.2.6.4 | 4.04 | 60.26 | 64.30 | OK | |
r-devel-linux-x86_64-debian-gcc | 1.2.6.4 | 3.18 | 43.11 | 46.29 | OK | |
r-devel-linux-x86_64-fedora-clang | 1.2.6.4 | 77.15 | OK | |||
r-devel-linux-x86_64-fedora-gcc | 1.2.6.4 | 88.37 | OK | |||
r-devel-windows-x86_64 | 1.2.6.4 | 8.00 | 81.00 | 89.00 | OK | |
r-patched-linux-x86_64 | 1.2.6.4 | 3.22 | 57.95 | 61.17 | OK | |
r-release-linux-x86_64 | 1.2.6.4 | 3.58 | 57.74 | 61.32 | OK | |
r-release-macos-arm64 | 1.2.6.4 | 42.00 | OK | |||
r-release-macos-x86_64 | 1.2.6.4 | 60.00 | NOTE | |||
r-release-windows-x86_64 | 1.2.6.4 | 7.00 | 83.00 | 90.00 | OK | |
r-oldrel-macos-arm64 | 1.2.6.4 | 31.00 | OK | |||
r-oldrel-windows-x86_64 | 1.2.6.4 | 9.00 | 86.00 | 95.00 | OK |
Version: 1.2.6.4
Check: package dependencies
Result: NOTE
Package suggested but not available for checking: ‘seacarb’
Flavor: r-release-macos-x86_64