Last updated on 2024-03-28 17:49:26 CET.
Flavor | Version | Tinstall | Tcheck | Ttotal | Status | Flags |
---|---|---|---|---|---|---|
r-devel-linux-x86_64-debian-clang | 1.0.0 | 10.85 | 266.36 | 277.21 | OK | |
r-devel-linux-x86_64-debian-gcc | 1.0.0 | 10.24 | 195.58 | 205.82 | OK | |
r-devel-linux-x86_64-fedora-clang | 1.0.0 | 368.18 | OK | |||
r-devel-linux-x86_64-fedora-gcc | 1.0.0 | 357.44 | OK | |||
r-devel-windows-x86_64 | 1.0.0 | 11.00 | 211.00 | 222.00 | OK | |
r-patched-linux-x86_64 | 1.0.0 | 17.94 | 253.89 | 271.83 | OK | |
r-release-linux-x86_64 | 1.0.0 | 11.35 | 266.65 | 278.00 | OK | |
r-release-macos-arm64 | 1.0.0 | 120.00 | OK | |||
r-release-macos-x86_64 | 1.0.0 | 181.00 | NOTE | |||
r-release-windows-x86_64 | 1.0.0 | 15.00 | 254.00 | 269.00 | OK | |
r-oldrel-macos-arm64 | 1.0.0 | 114.00 | OK | |||
r-oldrel-windows-x86_64 | 1.0.0 | 17.00 | 252.00 | 269.00 | OK |
Version: 1.0.0
Check: package dependencies
Result: NOTE
Package suggested but not available for checking: ‘untb’
Flavor: r-release-macos-x86_64