Last updated on 2024-03-28 17:49:27 CET.
Flavor | Version | Tinstall | Tcheck | Ttotal | Status | Flags |
---|---|---|---|---|---|---|
r-devel-linux-x86_64-debian-clang | 1.3.2 | 7.52 | 91.42 | 98.94 | OK | |
r-devel-linux-x86_64-debian-gcc | 1.3.2 | 5.43 | 67.53 | 72.96 | OK | |
r-devel-linux-x86_64-fedora-clang | 1.3.2 | 121.68 | NOTE | |||
r-devel-linux-x86_64-fedora-gcc | 1.3.2 | 120.14 | OK | |||
r-devel-windows-x86_64 | 1.3.2 | 8.00 | 82.00 | 90.00 | OK | |
r-patched-linux-x86_64 | 1.3.2 | 7.46 | 90.27 | 97.73 | OK | |
r-release-linux-x86_64 | 1.3.2 | 9.63 | 90.34 | 99.97 | OK | |
r-release-macos-arm64 | 1.3.2 | 38.00 | OK | |||
r-release-macos-x86_64 | 1.3.2 | 64.00 | OK | |||
r-release-windows-x86_64 | 1.3.2 | 11.00 | 97.00 | 108.00 | OK | |
r-oldrel-macos-arm64 | 1.3.2 | 37.00 | OK | |||
r-oldrel-windows-x86_64 | 1.3.2 | 11.00 | 101.00 | 112.00 | OK |
Version: 1.3.2
Check: Rd cross-references
Result: NOTE
Undeclared packages ‘Kendall’, ‘geoR’ in Rd xrefs
Flavor: r-devel-linux-x86_64-fedora-clang