Last updated on 2024-04-28 06:55:57 CEST.
Flavor | Version | Tinstall | Tcheck | Ttotal | Status | Flags |
---|---|---|---|---|---|---|
r-devel-linux-x86_64-debian-clang | 1.1 | 8.75 | 79.92 | 88.67 | OK | |
r-devel-linux-x86_64-debian-gcc | 1.1 | 6.15 | 59.84 | 65.99 | OK | |
r-devel-linux-x86_64-fedora-clang | 1.1 | 111.36 | NOTE | |||
r-devel-linux-x86_64-fedora-gcc | 1.1 | 103.18 | NOTE | |||
r-devel-windows-x86_64 | 1.1 | 8.00 | 89.00 | 97.00 | OK | |
r-patched-linux-x86_64 | 1.1 | 5.33 | 73.18 | 78.51 | OK | |
r-release-linux-x86_64 | 1.1 | 6.56 | 74.35 | 80.91 | OK | |
r-release-macos-arm64 | 1.1 | 32.00 | OK | |||
r-release-macos-x86_64 | 1.1 | 95.00 | OK | |||
r-release-windows-x86_64 | 1.1 | 10.00 | 90.00 | 100.00 | OK | |
r-oldrel-macos-arm64 | 1.1 | 42.00 | OK | |||
r-oldrel-macos-x86_64 | 1.1 | 91.00 | OK | |||
r-oldrel-windows-x86_64 | 1.1 | 12.00 | 106.00 | 118.00 | OK |
Version: 1.1
Check: dependencies in R code
Result: NOTE
Namespace in Imports field not imported from: ‘testthat’
All declared Imports should be used.
Flavors: r-devel-linux-x86_64-fedora-clang, r-devel-linux-x86_64-fedora-gcc
Version: 1.1
Check: data for non-ASCII characters
Result: NOTE
Note: found 15 marked UTF-8 strings
Flavors: r-devel-linux-x86_64-fedora-clang, r-devel-linux-x86_64-fedora-gcc