Last updated on 2024-03-28 17:49:27 CET.
Flavor | Version | Tinstall | Tcheck | Ttotal | Status | Flags |
---|---|---|---|---|---|---|
r-devel-linux-x86_64-debian-clang | 2.3-6.1 | 18.52 | 109.89 | 128.41 | NOTE | |
r-devel-linux-x86_64-debian-gcc | 2.3-6.1 | 16.41 | 76.93 | 93.34 | NOTE | |
r-devel-linux-x86_64-fedora-clang | 2.3-6.1 | 153.58 | NOTE | |||
r-devel-linux-x86_64-fedora-gcc | 2.3-6.1 | 165.87 | NOTE | |||
r-devel-windows-x86_64 | 2.3-6.1 | 21.00 | 114.00 | 135.00 | NOTE | |
r-patched-linux-x86_64 | 2.3-6.1 | 21.73 | 106.17 | 127.90 | NOTE | |
r-release-linux-x86_64 | 2.3-6.1 | 20.83 | 102.21 | 123.04 | OK | |
r-release-macos-arm64 | 2.3-6.1 | 48.00 | OK | |||
r-release-macos-x86_64 | 2.3-6.1 | 84.00 | OK | |||
r-release-windows-x86_64 | 2.3-6.1 | 21.00 | 125.00 | 146.00 | OK | |
r-oldrel-macos-arm64 | 2.3-6.1 | 41.00 | OK | |||
r-oldrel-windows-x86_64 | 2.3-6.1 | 28.00 | 128.00 | 156.00 | OK |
Version: 2.3-6.1
Check: Rd files
Result: NOTE
checkRd: (-1) uccle.Rd:23: Lost braces
23 | L'intensit\'{e} maximale des pr\'{e}cipitations en Belgique.
| ^
checkRd: (-1) uccle.Rd:23: Lost braces
23 | L'intensit\'{e} maximale des pr\'{e}cipitations en Belgique.
| ^
checkRd: (-1) uccle.Rd:24: Lost braces
24 | \emph{Inst. Royal M\'{e}t\'{e}or. Belgique, B} \bold{86}.
| ^
checkRd: (-1) uccle.Rd:24: Lost braces
24 | \emph{Inst. Royal M\'{e}t\'{e}or. Belgique, B} \bold{86}.
| ^
Flavors: r-devel-linux-x86_64-debian-clang, r-devel-linux-x86_64-debian-gcc, r-devel-linux-x86_64-fedora-clang, r-devel-linux-x86_64-fedora-gcc, r-devel-windows-x86_64, r-patched-linux-x86_64