Last updated on 2024-05-07 18:49:45 CEST.
Flavor | Version | Tinstall | Tcheck | Ttotal | Status | Flags |
---|---|---|---|---|---|---|
r-devel-linux-x86_64-debian-clang | 0.3.2 | 3.29 | 68.05 | 71.34 | NOTE | |
r-devel-linux-x86_64-debian-gcc | 0.3.2 | 2.34 | 48.80 | 51.14 | NOTE | |
r-devel-linux-x86_64-fedora-clang | 0.3.2 | 93.03 | NOTE | |||
r-devel-linux-x86_64-fedora-gcc | 0.3.2 | 97.75 | NOTE | |||
r-devel-windows-x86_64 | 0.3.2 | 12.00 | 82.00 | 94.00 | NOTE | |
r-patched-linux-x86_64 | 0.3.2 | 2.75 | 67.03 | 69.78 | NOTE | |
r-release-linux-x86_64 | 0.3.2 | 2.82 | 64.77 | 67.59 | NOTE | |
r-release-macos-arm64 | 0.3.2 | 34.00 | NOTE | |||
r-release-windows-x86_64 | 0.3.2 | 9.00 | 82.00 | 91.00 | NOTE | |
r-oldrel-macos-arm64 | 0.3.2 | 34.00 | NOTE | |||
r-oldrel-macos-x86_64 | 0.3.2 | 50.00 | NOTE | |||
r-oldrel-windows-x86_64 | 0.3.2 | 9.00 | 93.00 | 102.00 | NOTE |
Version: 0.3.2
Check: LazyData
Result: NOTE
'LazyData' is specified without a 'data' directory
Flavors: r-devel-linux-x86_64-debian-clang, r-devel-linux-x86_64-debian-gcc, r-devel-linux-x86_64-fedora-clang, r-devel-linux-x86_64-fedora-gcc, r-devel-windows-x86_64, r-patched-linux-x86_64, r-release-linux-x86_64, r-release-macos-arm64, r-release-windows-x86_64, r-oldrel-macos-arm64, r-oldrel-macos-x86_64, r-oldrel-windows-x86_64
Version: 0.3.2
Check: installed package size
Result: NOTE
installed size is 14.2Mb
sub-directories of 1Mb or more:
exiftool 14.1Mb
Flavors: r-devel-windows-x86_64, r-release-macos-arm64, r-release-windows-x86_64, r-oldrel-macos-arm64, r-oldrel-macos-x86_64, r-oldrel-windows-x86_64