Last updated on 2024-03-28 06:01:24 CET.
Flavor | Version | Tinstall | Tcheck | Ttotal | Status | Flags |
---|---|---|---|---|---|---|
r-devel-linux-x86_64-debian-clang | 3042.78 | 5.86 | 51.81 | 57.67 | NOTE | |
r-devel-linux-x86_64-debian-gcc | 3042.78 | 4.43 | 39.48 | 43.91 | NOTE | |
r-devel-linux-x86_64-fedora-clang | 3042.78 | 70.98 | NOTE | |||
r-devel-linux-x86_64-fedora-gcc | 3042.78 | 67.55 | NOTE | |||
r-devel-windows-x86_64 | 3042.78 | 5.00 | 54.00 | 59.00 | NOTE | |
r-patched-linux-x86_64 | 3042.78 | 6.47 | 49.25 | 55.72 | NOTE | |
r-release-linux-x86_64 | 3042.78 | 5.75 | 49.88 | 55.63 | NOTE | |
r-release-macos-arm64 | 3042.78 | 25.00 | NOTE | |||
r-release-macos-x86_64 | 3042.78 | 37.00 | NOTE | |||
r-release-windows-x86_64 | 3042.78 | 6.00 | 59.00 | 65.00 | NOTE | |
r-oldrel-macos-arm64 | 3042.78 | 27.00 | NOTE | |||
r-oldrel-windows-x86_64 | 3042.78 | 7.00 | 65.00 | 72.00 | NOTE |
Version: 3042.78
Check: LazyData
Result: NOTE
'LazyData' is specified without a 'data' directory
Flavors: r-devel-linux-x86_64-debian-clang, r-devel-linux-x86_64-debian-gcc, r-devel-linux-x86_64-fedora-clang, r-devel-linux-x86_64-fedora-gcc, r-devel-windows-x86_64, r-patched-linux-x86_64, r-release-linux-x86_64, r-release-macos-arm64, r-release-macos-x86_64, r-release-windows-x86_64, r-oldrel-macos-arm64, r-oldrel-windows-x86_64