Last updated on 2024-05-07 18:49:45 CEST.
Flavor | Version | Tinstall | Tcheck | Ttotal | Status | Flags |
---|---|---|---|---|---|---|
r-devel-linux-x86_64-debian-clang | 1.4.6 | 77.41 | 772.61 | 850.02 | OK | |
r-devel-linux-x86_64-debian-gcc | 1.4.6 | 64.77 | 568.75 | 633.52 | OK | |
r-devel-linux-x86_64-fedora-clang | 1.4.6 | 1160.35 | NOTE | |||
r-devel-linux-x86_64-fedora-gcc | 1.4.6 | 1135.53 | OK | |||
r-devel-windows-x86_64 | 1.4.6 | 64.00 | 401.00 | 465.00 | NOTE | |
r-patched-linux-x86_64 | 1.4.6 | 88.22 | 730.29 | 818.51 | OK | |
r-release-linux-x86_64 | 1.4.6 | 60.61 | 747.25 | 807.86 | OK | |
r-release-macos-arm64 | 1.4.6 | 220.00 | NOTE | |||
r-release-macos-x86_64 | 1.4.6 | 619.00 | NOTE | |||
r-release-windows-x86_64 | 1.4.6 | 61.00 | 391.00 | 452.00 | NOTE | |
r-oldrel-macos-arm64 | 1.4.6 | 219.00 | NOTE | |||
r-oldrel-macos-x86_64 | 1.4.6 | 602.00 | NOTE | |||
r-oldrel-windows-x86_64 | 1.4.6 | 83.00 | 536.00 | 619.00 | NOTE |
Version: 1.4.6
Check: installed package size
Result: NOTE
installed size is 5.9Mb
sub-directories of 1Mb or more:
R 3.5Mb
doc 1.0Mb
help 1.2Mb
Flavors: r-devel-linux-x86_64-fedora-clang, r-devel-windows-x86_64, r-release-macos-arm64, r-release-macos-x86_64, r-release-windows-x86_64, r-oldrel-macos-arm64, r-oldrel-macos-x86_64, r-oldrel-windows-x86_64