Last updated on 2024-03-28 17:49:27 CET.
Flavor | Version | Tinstall | Tcheck | Ttotal | Status | Flags |
---|---|---|---|---|---|---|
r-devel-linux-x86_64-debian-clang | 0.7.6 | 10.86 | 101.47 | 112.33 | NOTE | |
r-devel-linux-x86_64-debian-gcc | 0.7.6 | 10.53 | 75.91 | 86.44 | NOTE | |
r-devel-linux-x86_64-fedora-clang | 0.7.6 | 144.17 | NOTE | |||
r-devel-linux-x86_64-fedora-gcc | 0.7.6 | 139.36 | NOTE | |||
r-devel-windows-x86_64 | 0.7.6 | 11.00 | 87.00 | 98.00 | NOTE | |
r-patched-linux-x86_64 | 0.7.6 | 8.08 | 99.13 | 107.21 | NOTE | |
r-release-linux-x86_64 | 0.7.6 | 13.05 | 97.81 | 110.86 | NOTE | |
r-release-macos-arm64 | 0.7.6 | 50.00 | NOTE | |||
r-release-macos-x86_64 | 0.7.6 | 73.00 | NOTE | |||
r-release-windows-x86_64 | 0.7.6 | 14.00 | 108.00 | 122.00 | NOTE | |
r-oldrel-macos-arm64 | 0.7.6 | 42.00 | OK | |||
r-oldrel-windows-x86_64 | 0.7.6 | 16.00 | 106.00 | 122.00 | OK |
Version: 0.7.6
Check: package subdirectories
Result: NOTE
Problems with news in ‘NEWS.md’:
No news entries found.
Flavors: r-devel-linux-x86_64-debian-clang, r-devel-linux-x86_64-debian-gcc, r-devel-linux-x86_64-fedora-clang, r-devel-linux-x86_64-fedora-gcc, r-devel-windows-x86_64, r-patched-linux-x86_64, r-release-linux-x86_64, r-release-macos-arm64, r-release-macos-x86_64, r-release-windows-x86_64