Last updated on 2024-03-28 06:01:24 CET.
Flavor | Version | Tinstall | Tcheck | Ttotal | Status | Flags |
---|---|---|---|---|---|---|
r-devel-linux-x86_64-debian-clang | 1.1.3 | 11.92 | 68.68 | 80.60 | OK | |
r-devel-linux-x86_64-debian-gcc | 1.1.3 | 8.11 | 51.77 | 59.88 | OK | |
r-devel-linux-x86_64-fedora-clang | 1.1.3 | 99.07 | NOTE | |||
r-devel-linux-x86_64-fedora-gcc | 1.1.3 | 95.72 | OK | |||
r-devel-windows-x86_64 | 1.1.3 | 14.00 | 73.00 | 87.00 | OK | |
r-patched-linux-x86_64 | 1.1.3 | 11.69 | 67.01 | 78.70 | OK | |
r-release-linux-x86_64 | 1.1.3 | 11.51 | 68.81 | 80.32 | OK | |
r-release-macos-arm64 | 1.1.3 | 37.00 | OK | |||
r-release-macos-x86_64 | 1.1.3 | 55.00 | OK | |||
r-release-windows-x86_64 | 1.1.3 | 16.00 | 91.00 | 107.00 | OK | |
r-oldrel-macos-arm64 | 1.1.3 | 39.00 | OK | |||
r-oldrel-windows-x86_64 | 1.1.3 | 17.00 | 90.00 | 107.00 | OK |
Version: 1.1.3
Check: installed package size
Result: NOTE
installed size is 7.4Mb
sub-directories of 1Mb or more:
libs 7.2Mb
Flavor: r-devel-linux-x86_64-fedora-clang