Last updated on 2024-05-07 18:49:45 CEST.
Flavor | Version | Tinstall | Tcheck | Ttotal | Status | Flags |
---|---|---|---|---|---|---|
r-devel-linux-x86_64-debian-clang | 1.2 | 21.46 | 28.18 | 49.64 | NOTE | |
r-devel-linux-x86_64-debian-gcc | 1.2 | 18.57 | 21.42 | 39.99 | NOTE | |
r-devel-linux-x86_64-fedora-clang | 1.2 | 75.64 | NOTE | |||
r-devel-linux-x86_64-fedora-gcc | 1.2 | 119.98 | NOTE | |||
r-devel-windows-x86_64 | 1.2 | 19.00 | 65.00 | 84.00 | NOTE | |
r-patched-linux-x86_64 | 1.2 | 22.63 | 26.18 | 48.81 | NOTE | |
r-release-linux-x86_64 | 1.2 | 24.43 | 26.69 | 51.12 | NOTE | |
r-release-macos-arm64 | 1.2 | 21.00 | NOTE | |||
r-release-windows-x86_64 | 1.2 | 19.00 | 63.00 | 82.00 | NOTE | |
r-oldrel-macos-arm64 | 1.2 | 23.00 | NOTE | |||
r-oldrel-macos-x86_64 | 1.2 | 37.00 | NOTE | |||
r-oldrel-windows-x86_64 | 1.2 | 22.00 | 68.00 | 90.00 | NOTE |
Version: 1.2
Check: C++ specification
Result: NOTE
Specified C++11: please drop specification unless essential
Flavors: r-devel-linux-x86_64-debian-clang, r-devel-linux-x86_64-debian-gcc, r-devel-linux-x86_64-fedora-clang, r-devel-linux-x86_64-fedora-gcc, r-devel-windows-x86_64, r-patched-linux-x86_64, r-release-linux-x86_64, r-release-macos-arm64, r-release-windows-x86_64, r-oldrel-macos-arm64, r-oldrel-macos-x86_64, r-oldrel-windows-x86_64