Last updated on 2024-03-28 17:49:28 CET.
Flavor | Version | Tinstall | Tcheck | Ttotal | Status | Flags |
---|---|---|---|---|---|---|
r-devel-linux-x86_64-debian-clang | 1.6.1 | 4.61 | 62.69 | 67.30 | NOTE | |
r-devel-linux-x86_64-debian-gcc | 1.6.1 | 4.19 | 44.61 | 48.80 | NOTE | |
r-devel-linux-x86_64-fedora-clang | 1.6.1 | 82.63 | NOTE | |||
r-devel-linux-x86_64-fedora-gcc | 1.6.1 | 80.49 | NOTE | |||
r-devel-windows-x86_64 | 1.6.1 | 8.00 | 69.00 | 77.00 | OK | |
r-patched-linux-x86_64 | 1.6.1 | 6.58 | 58.37 | 64.95 | NOTE | |
r-release-linux-x86_64 | 1.6.1 | 5.05 | 61.96 | 67.01 | NOTE | |
r-release-macos-arm64 | 1.6.1 | 29.00 | OK | |||
r-release-macos-x86_64 | 1.6.1 | 46.00 | OK | |||
r-release-windows-x86_64 | 1.6.1 | 10.00 | 84.00 | 94.00 | OK | |
r-oldrel-macos-arm64 | 1.6.1 | 30.00 | OK | |||
r-oldrel-windows-x86_64 | 1.6.1 | 15.00 | 94.00 | 109.00 | OK |
Version: 1.6.1
Check: for non-standard things in the check directory
Result: NOTE
Found the following files/directories:
‘test2delete.txt’ ‘test2delete2_values.txt’ ‘test2delete_values.txt’
Flavors: r-devel-linux-x86_64-debian-clang, r-devel-linux-x86_64-debian-gcc, r-devel-linux-x86_64-fedora-clang, r-devel-linux-x86_64-fedora-gcc, r-patched-linux-x86_64, r-release-linux-x86_64