Last updated on 2024-03-28 06:01:24 CET.
Flavor | Version | Tinstall | Tcheck | Ttotal | Status | Flags |
---|---|---|---|---|---|---|
r-devel-linux-x86_64-debian-clang | 0.6.1 | 114.54 | 37.59 | 152.13 | OK | |
r-devel-linux-x86_64-debian-gcc | 0.6.1 | 91.08 | 27.77 | 118.85 | OK | |
r-devel-linux-x86_64-fedora-clang | 0.6.1 | 209.73 | OK | |||
r-devel-linux-x86_64-fedora-gcc | 0.6.1 | 226.80 | OK | |||
r-devel-windows-x86_64 | 0.6.1 | 85.00 | 76.00 | 161.00 | OK | |
r-patched-linux-x86_64 | 0.6.1 | 111.27 | 35.82 | 147.09 | OK | |
r-release-linux-x86_64 | 0.6.1 | 117.53 | 35.41 | 152.94 | OK | |
r-release-macos-arm64 | 0.6.1 | 54.00 | NOTE | |||
r-release-macos-x86_64 | 0.6.1 | 80.00 | NOTE | |||
r-release-windows-x86_64 | 0.6.1 | 106.00 | 81.00 | 187.00 | OK | |
r-oldrel-macos-arm64 | 0.6.1 | 53.00 | NOTE | |||
r-oldrel-windows-x86_64 | 0.6.1 | 99.00 | 75.00 | 174.00 | OK |
Version: 0.6.1
Check: installed package size
Result: NOTE
installed size is 7.6Mb
sub-directories of 1Mb or more:
libs 7.5Mb
Flavors: r-release-macos-arm64, r-release-macos-x86_64, r-oldrel-macos-arm64