Last updated on 2024-03-28 17:49:28 CET.
Flavor | Version | Tinstall | Tcheck | Ttotal | Status | Flags |
---|---|---|---|---|---|---|
r-devel-linux-x86_64-debian-clang | 1.4 | 11.80 | 108.50 | 120.30 | OK | |
r-devel-linux-x86_64-debian-gcc | 1.4 | 9.53 | 80.69 | 90.22 | OK | |
r-devel-linux-x86_64-fedora-clang | 1.4 | 149.46 | OK | |||
r-devel-linux-x86_64-fedora-gcc | 1.4 | 145.82 | OK | |||
r-devel-windows-x86_64 | 1.4 | 8.00 | 5.00 | 13.00 | ERROR | |
r-patched-linux-x86_64 | 1.4 | 8.06 | 104.62 | 112.68 | OK | |
r-release-linux-x86_64 | 1.4 | 11.74 | 105.36 | 117.10 | OK | |
r-release-macos-arm64 | 1.4 | 46.00 | OK | |||
r-release-macos-x86_64 | 1.4 | 78.00 | OK | |||
r-release-windows-x86_64 | 1.4 | 14.00 | 112.00 | 126.00 | OK | |
r-oldrel-macos-arm64 | 1.4 | 45.00 | OK | |||
r-oldrel-windows-x86_64 | 1.4 | 16.00 | 118.00 | 134.00 | OK |
Version: 1.4
Check: whether package can be installed
Result: ERROR
Installation failed.
Flavor: r-devel-windows-x86_64