Last updated on 2024-03-28 17:49:28 CET.
Flavor | Version | Tinstall | Tcheck | Ttotal | Status | Flags |
---|---|---|---|---|---|---|
r-devel-linux-x86_64-debian-clang | 0.2 | 2.18 | 21.39 | 23.57 | NOTE | |
r-devel-linux-x86_64-debian-gcc | 0.2 | 1.70 | 16.70 | 18.40 | NOTE | |
r-devel-linux-x86_64-fedora-clang | 0.2 | 29.16 | NOTE | |||
r-devel-linux-x86_64-fedora-gcc | 0.2 | 28.49 | NOTE | |||
r-devel-windows-x86_64 | 0.2 | 3.00 | 37.00 | 40.00 | NOTE | |
r-patched-linux-x86_64 | 0.2 | 2.14 | 21.15 | 23.29 | NOTE | |
r-release-linux-x86_64 | 0.2 | 2.02 | 20.08 | 22.10 | NOTE | |
r-release-macos-arm64 | 0.2 | 16.00 | NOTE | |||
r-release-macos-x86_64 | 0.2 | 19.00 | NOTE | |||
r-release-windows-x86_64 | 0.2 | 7.00 | 40.00 | 47.00 | NOTE | |
r-oldrel-macos-arm64 | 0.2 | 16.00 | NOTE | |||
r-oldrel-windows-x86_64 | 0.2 | 5.00 | 49.00 | 54.00 | NOTE |
Version: 0.2
Check: LazyData
Result: NOTE
'LazyData' is specified without a 'data' directory
Flavors: r-devel-linux-x86_64-debian-clang, r-devel-linux-x86_64-debian-gcc, r-devel-linux-x86_64-fedora-clang, r-devel-linux-x86_64-fedora-gcc, r-devel-windows-x86_64, r-patched-linux-x86_64, r-release-linux-x86_64, r-release-macos-arm64, r-release-macos-x86_64, r-release-windows-x86_64, r-oldrel-macos-arm64, r-oldrel-windows-x86_64