Last updated on 2024-04-19 19:50:14 CEST.
Flavor | Version | Tinstall | Tcheck | Ttotal | Status | Flags |
---|---|---|---|---|---|---|
r-devel-linux-x86_64-debian-clang | 0.9.11 | 8.97 | 91.80 | 100.77 | NOTE | |
r-devel-linux-x86_64-debian-gcc | 0.9.11 | NOTE | ||||
r-devel-linux-x86_64-fedora-clang | 0.9.11 | 127.11 | NOTE | |||
r-devel-linux-x86_64-fedora-gcc | 0.9.11 | 131.11 | NOTE | |||
r-prerel-macos-arm64 | 0.9.11 | 47.00 | NOTE | |||
r-prerel-windows-x86_64 | 0.9.11 | 9.00 | 93.00 | 102.00 | NOTE | |
r-patched-linux-x86_64 | 0.9.11 | 12.19 | 87.37 | 99.56 | NOTE | |
r-release-linux-x86_64 | 0.9.11 | 6.84 | 83.70 | 90.54 | OK | |
r-release-macos-arm64 | 0.9.11 | 46.00 | OK | |||
r-release-macos-x86_64 | 0.9.11 | 72.00 | OK | |||
r-release-windows-x86_64 | 0.9.11 | 11.00 | 106.00 | 117.00 | OK | |
r-oldrel-macos-arm64 | 0.9.11 | 35.00 | OK | |||
r-oldrel-windows-x86_64 | 0.9.11 | 14.00 | 102.00 | 116.00 | OK |
Version: 0.9.11
Check: Rd files
Result: NOTE
checkRd: (-1) to_flow.Rd:110-117: Lost braces
110 | \strong{Behaviour:}{
| ^
checkRd: (-1) to_flowdef.Rd:111-115: Lost braces
111 | {
| ^
Flavors: r-devel-linux-x86_64-debian-clang, r-devel-linux-x86_64-debian-gcc, r-devel-linux-x86_64-fedora-clang, r-devel-linux-x86_64-fedora-gcc, r-prerel-macos-arm64, r-prerel-windows-x86_64, r-patched-linux-x86_64