Last updated on 2024-03-28 06:01:24 CET.
Flavor | Version | Tinstall | Tcheck | Ttotal | Status | Flags |
---|---|---|---|---|---|---|
r-devel-linux-x86_64-debian-clang | 0.3.0 | 8.04 | 74.76 | 82.80 | NOTE | |
r-devel-linux-x86_64-debian-gcc | 0.3.0 | 6.43 | 58.10 | 64.53 | NOTE | |
r-devel-linux-x86_64-fedora-clang | 0.3.0 | 102.79 | NOTE | |||
r-devel-linux-x86_64-fedora-gcc | 0.3.0 | 111.95 | NOTE | |||
r-devel-windows-x86_64 | 0.3.0 | 8.00 | 80.00 | 88.00 | NOTE | |
r-patched-linux-x86_64 | 0.3.0 | 11.35 | 70.03 | 81.38 | NOTE | |
r-release-linux-x86_64 | 0.3.0 | 6.66 | 72.77 | 79.43 | NOTE | |
r-release-macos-arm64 | 0.3.0 | 36.00 | NOTE | |||
r-release-macos-x86_64 | 0.3.0 | 59.00 | NOTE | |||
r-release-windows-x86_64 | 0.3.0 | 9.00 | 91.00 | 100.00 | NOTE | |
r-oldrel-macos-arm64 | 0.3.0 | 27.00 | NOTE | |||
r-oldrel-windows-x86_64 | 0.3.0 | 9.00 | 90.00 | 99.00 | NOTE |
Version: 0.3.0
Check: LazyData
Result: NOTE
'LazyData' is specified without a 'data' directory
Flavors: r-devel-linux-x86_64-debian-clang, r-devel-linux-x86_64-debian-gcc, r-devel-linux-x86_64-fedora-clang, r-devel-linux-x86_64-fedora-gcc, r-devel-windows-x86_64, r-patched-linux-x86_64, r-release-linux-x86_64, r-release-macos-arm64, r-release-macos-x86_64, r-release-windows-x86_64, r-oldrel-macos-arm64, r-oldrel-windows-x86_64