Last updated on 2024-05-07 18:49:46 CEST.
Flavor | Version | Tinstall | Tcheck | Ttotal | Status | Flags |
---|---|---|---|---|---|---|
r-devel-linux-x86_64-debian-clang | 0.1.0 | 4.09 | 47.88 | 51.97 | NOTE | |
r-devel-linux-x86_64-debian-gcc | 0.1.0 | 3.61 | 36.11 | 39.72 | NOTE | |
r-devel-linux-x86_64-fedora-clang | 0.1.0 | 68.90 | NOTE | |||
r-devel-linux-x86_64-fedora-gcc | 0.1.0 | 128.56 | NOTE | |||
r-devel-windows-x86_64 | 0.1.0 | 6.00 | 59.00 | 65.00 | NOTE | |
r-patched-linux-x86_64 | 0.1.0 | 4.97 | 44.75 | 49.72 | NOTE | |
r-release-linux-x86_64 | 0.1.0 | 4.46 | 46.04 | 50.50 | NOTE | |
r-release-macos-arm64 | 0.1.0 | 32.00 | NOTE | |||
r-release-windows-x86_64 | 0.1.0 | 6.00 | 57.00 | 63.00 | NOTE | |
r-oldrel-macos-arm64 | 0.1.0 | 29.00 | OK | |||
r-oldrel-macos-x86_64 | 0.1.0 | 43.00 | OK | |||
r-oldrel-windows-x86_64 | 0.1.0 | 7.00 | 63.00 | 70.00 | OK |
Version: 0.1.0
Check: Rd files
Result: NOTE
checkRd: (-1) navbar_page.Rd:36: Lost braces in \itemize; meant \describe ?
checkRd: (-1) navbar_page.Rd:37: Lost braces in \itemize; meant \describe ?
checkRd: (-1) navbar_page.Rd:38: Lost braces in \itemize; meant \describe ?
Flavors: r-devel-linux-x86_64-debian-clang, r-devel-linux-x86_64-debian-gcc, r-devel-linux-x86_64-fedora-clang, r-devel-linux-x86_64-fedora-gcc, r-devel-windows-x86_64, r-patched-linux-x86_64, r-release-linux-x86_64, r-release-macos-arm64, r-release-windows-x86_64