Last updated on 2024-03-28 17:49:28 CET.
Flavor | Version | Tinstall | Tcheck | Ttotal | Status | Flags |
---|---|---|---|---|---|---|
r-devel-linux-x86_64-debian-clang | 1.0.1 | 8.22 | 161.93 | 170.15 | OK | |
r-devel-linux-x86_64-debian-gcc | 1.0.1 | 7.46 | 122.80 | 130.26 | OK | |
r-devel-linux-x86_64-fedora-clang | 1.0.1 | 210.51 | OK | |||
r-devel-linux-x86_64-fedora-gcc | 1.0.1 | 223.54 | OK | |||
r-devel-windows-x86_64 | 1.0.1 | 9.00 | 138.00 | 147.00 | OK | |
r-patched-linux-x86_64 | 1.0.1 | 17.11 | 159.67 | 176.78 | OK | |
r-release-linux-x86_64 | 1.0.1 | 8.82 | 157.18 | 166.00 | OK | |
r-release-macos-arm64 | 1.0.1 | 75.00 | OK | |||
r-release-macos-x86_64 | 1.0.1 | 111.00 | NOTE | |||
r-release-windows-x86_64 | 1.0.1 | 13.00 | 169.00 | 182.00 | OK | |
r-oldrel-macos-arm64 | 1.0.1 | 46.00 | OK | |||
r-oldrel-windows-x86_64 | 1.0.1 | 12.00 | 172.00 | 184.00 | OK |
Version: 1.0.1
Check: package dependencies
Result: NOTE
Package suggested but not available for checking: ‘MARSS’
Flavor: r-release-macos-x86_64