Last updated on 2024-05-07 06:55:51 CEST.
Flavor | Version | Tinstall | Tcheck | Ttotal | Status | Flags |
---|---|---|---|---|---|---|
r-devel-linux-x86_64-debian-clang | 0.1.0 | 6.10 | 34.88 | 40.98 | OK | |
r-devel-linux-x86_64-debian-gcc | 0.1.0 | 4.03 | 27.67 | 31.70 | OK | |
r-devel-linux-x86_64-fedora-clang | 0.1.0 | 54.01 | NOTE | |||
r-devel-linux-x86_64-fedora-gcc | 0.1.0 | 66.80 | NOTE | |||
r-devel-windows-x86_64 | 0.1.0 | 7.00 | 48.00 | 55.00 | OK | |
r-patched-linux-x86_64 | 0.1.0 | 5.42 | 34.23 | 39.65 | OK | |
r-release-linux-x86_64 | 0.1.0 | 5.36 | 34.33 | 39.69 | OK | |
r-release-macos-arm64 | 0.1.0 | 20.00 | OK | |||
r-release-windows-x86_64 | 0.1.0 | 7.00 | 47.00 | 54.00 | OK | |
r-oldrel-macos-arm64 | 0.1.0 | 22.00 | OK | |||
r-oldrel-macos-x86_64 | 0.1.0 | 30.00 | OK | |||
r-oldrel-windows-x86_64 | 0.1.0 | 7.00 | 51.00 | 58.00 | OK |
Version: 0.1.0
Check: data for non-ASCII characters
Result: NOTE
Note: found 50 marked UTF-8 strings
Flavors: r-devel-linux-x86_64-fedora-clang, r-devel-linux-x86_64-fedora-gcc