Last updated on 2024-03-28 17:49:30 CET.
Flavor | Version | Tinstall | Tcheck | Ttotal | Status | Flags |
---|---|---|---|---|---|---|
r-devel-linux-x86_64-debian-clang | 0.3.0 | 78.40 | 136.50 | 214.90 | NOTE | |
r-devel-linux-x86_64-debian-gcc | 0.3.0 | 54.23 | 100.74 | 154.97 | NOTE | |
r-devel-linux-x86_64-fedora-clang | 0.3.0 | 278.61 | NOTE | |||
r-devel-linux-x86_64-fedora-gcc | 0.3.0 | 271.15 | NOTE | |||
r-devel-windows-x86_64 | 0.3.0 | 60.00 | 129.00 | 189.00 | NOTE | |
r-patched-linux-x86_64 | 0.3.0 | 61.98 | 129.25 | 191.23 | NOTE | |
r-release-linux-x86_64 | 0.3.0 | 50.42 | 134.32 | 184.74 | OK | |
r-release-macos-arm64 | 0.3.0 | 68.00 | OK | |||
r-release-macos-x86_64 | 0.3.0 | 132.00 | OK | |||
r-release-windows-x86_64 | 0.3.0 | 75.00 | 164.00 | 239.00 | OK | |
r-oldrel-macos-arm64 | 0.3.0 | 69.00 | OK | |||
r-oldrel-windows-x86_64 | 0.3.0 | 75.00 | 154.00 | 229.00 | OK |
Version: 0.3.0
Check: Rd files
Result: NOTE
checkRd: (-1) testadd.Rd:34: Lost braces; missing escapes or markup?
34 | Let M0 be the model and e={u,v} be an edge and let M1 be
| ^
Flavors: r-devel-linux-x86_64-debian-clang, r-devel-linux-x86_64-debian-gcc, r-devel-linux-x86_64-fedora-clang, r-devel-linux-x86_64-fedora-gcc, r-devel-windows-x86_64, r-patched-linux-x86_64