Last updated on 2024-04-17 18:56:42 CEST.
Flavor | Version | Tinstall | Tcheck | Ttotal | Status | Flags |
---|---|---|---|---|---|---|
r-devel-linux-x86_64-debian-clang | 0.9.6-1 | 28.67 | 154.29 | 182.96 | NOTE | |
r-devel-linux-x86_64-debian-gcc | 0.9.6-1 | 23.35 | 114.93 | 138.28 | NOTE | |
r-devel-linux-x86_64-fedora-clang | 0.9.6-1 | 236.34 | NOTE | |||
r-devel-linux-x86_64-fedora-gcc | 0.9.6-1 | 230.89 | NOTE | |||
r-prerel-macos-arm64 | 0.9.6-1 | 58.00 | NOTE | |||
r-prerel-windows-x86_64 | 0.9.6-1 | 26.00 | 135.00 | 161.00 | NOTE | |
r-patched-linux-x86_64 | 0.9.6-1 | 30.18 | 144.51 | 174.69 | NOTE | |
r-release-linux-x86_64 | 0.9.6-1 | 32.41 | 153.37 | 185.78 | OK | |
r-release-macos-arm64 | 0.9.6-1 | 70.00 | NOTE | |||
r-release-macos-x86_64 | 0.9.6-1 | 112.00 | NOTE | |||
r-release-windows-x86_64 | 0.9.6-1 | 36.00 | 176.00 | 212.00 | OK | |
r-oldrel-macos-arm64 | 0.9.6-1 | 69.00 | NOTE | |||
r-oldrel-windows-x86_64 | 0.9.6-1 | 34.00 | 159.00 | 193.00 | OK |
Version: 0.9.6-1
Check: Rd files
Result: NOTE
checkRd: (-1) Gapfill.Rd:66-68: Lost braces in \itemize; \value handles \item{}{} directly
checkRd: (-1) Gapfill.Rd:69-70: Lost braces in \itemize; \value handles \item{}{} directly
checkRd: (-1) Gapfill.Rd:71-77: Lost braces in \itemize; \value handles \item{}{} directly
checkRd: (-1) Gapfill.Rd:72: Lost braces in \itemize; \value handles \item{}{} directly
checkRd: (-1) Gapfill.Rd:73: Lost braces in \itemize; \value handles \item{}{} directly
checkRd: (-1) Gapfill.Rd:74: Lost braces in \itemize; \value handles \item{}{} directly
checkRd: (-1) Gapfill.Rd:75: Lost braces in \itemize; \value handles \item{}{} directly
checkRd: (-1) Gapfill.Rd:78: Lost braces in \itemize; \value handles \item{}{} directly
checkRd: (-1) ndvi.Rd:10: Lost braces in \itemize; meant \describe ?
checkRd: (-1) ndvi.Rd:11: Lost braces in \itemize; meant \describe ?
checkRd: (-1) ndvi.Rd:12: Lost braces in \itemize; meant \describe ?
checkRd: (-1) ndvi.Rd:13: Lost braces in \itemize; meant \describe ?
Flavors: r-devel-linux-x86_64-debian-clang, r-devel-linux-x86_64-debian-gcc, r-devel-linux-x86_64-fedora-clang, r-devel-linux-x86_64-fedora-gcc, r-prerel-macos-arm64, r-prerel-windows-x86_64, r-patched-linux-x86_64
Version: 0.9.6-1
Check: package dependencies
Result: NOTE
Package which this enhances but not available for checking: ‘doMPI’
Flavors: r-prerel-macos-arm64, r-release-macos-arm64, r-release-macos-x86_64, r-oldrel-macos-arm64