Last updated on 2024-05-04 18:53:32 CEST.
Flavor | Version | Tinstall | Tcheck | Ttotal | Status | Flags |
---|---|---|---|---|---|---|
r-devel-linux-x86_64-debian-clang | 0.0.6 | 0.56 | 1.97 | 2.53 | ERROR | |
r-devel-linux-x86_64-debian-gcc | 0.0.6 | 12.35 | 122.15 | 134.50 | OK | |
r-devel-linux-x86_64-fedora-clang | 0.0.6 | 242.05 | OK | |||
r-devel-linux-x86_64-fedora-gcc | 0.0.6 | 221.15 | OK | |||
r-devel-windows-x86_64 | 0.0.6 | 12.00 | 241.00 | 253.00 | OK | |
r-patched-linux-x86_64 | 0.0.6 | 15.34 | 156.20 | 171.54 | OK | |
r-release-linux-x86_64 | 0.0.6 | 15.78 | 153.19 | 168.97 | OK | |
r-release-macos-arm64 | 0.0.6 | 66.00 | OK | |||
r-release-macos-x86_64 | 0.0.6 | 154.00 | OK | |||
r-release-windows-x86_64 | 0.0.6 | 15.00 | 165.00 | 180.00 | OK | |
r-oldrel-macos-arm64 | 0.0.6 | 77.00 | OK | |||
r-oldrel-macos-x86_64 | 0.0.6 | 114.00 | OK | |||
r-oldrel-windows-x86_64 | 0.0.6 | 15.00 | 167.00 | 182.00 | OK |
Version: 0.0.6
Check: package dependencies
Result: ERROR
Package required but not available: ‘GenomicRanges’
See section ‘The DESCRIPTION file’ in the ‘Writing R Extensions’
manual.
Flavor: r-devel-linux-x86_64-debian-clang