Last updated on 2024-04-19 06:56:17 CEST.
Flavor | Version | Tinstall | Tcheck | Ttotal | Status | Flags |
---|---|---|---|---|---|---|
r-devel-linux-x86_64-debian-clang | 0.8.11 | 4.58 | 95.56 | 100.14 | NOTE | |
r-devel-linux-x86_64-debian-gcc | 0.8.11 | NOTE | ||||
r-devel-linux-x86_64-fedora-clang | 0.8.11 | 126.97 | NOTE | |||
r-devel-linux-x86_64-fedora-gcc | 0.8.11 | 135.52 | NOTE | |||
r-prerel-macos-arm64 | 0.8.11 | 42.00 | NOTE | |||
r-prerel-windows-x86_64 | 0.8.11 | 9.00 | 99.00 | 108.00 | NOTE | |
r-patched-linux-x86_64 | 0.8.11 | 6.93 | 92.33 | 99.26 | NOTE | |
r-release-linux-x86_64 | 0.8.11 | 6.13 | 90.71 | 96.84 | OK | |
r-release-macos-arm64 | 0.8.11 | 49.00 | OK | |||
r-release-macos-x86_64 | 0.8.11 | 80.00 | OK | |||
r-release-windows-x86_64 | 0.8.11 | 9.00 | 108.00 | 117.00 | OK | |
r-oldrel-macos-arm64 | 0.8.11 | 45.00 | OK | |||
r-oldrel-windows-x86_64 | 0.8.11 | 9.00 | 117.00 | 126.00 | OK |
Version: 0.8.11
Check: Rd files
Result: NOTE
checkRd: (-1) barto.Rd:15-18: Lost braces in \itemize; meant \describe ?
checkRd: (-1) barto.Rd:19-22: Lost braces in \itemize; meant \describe ?
checkRd: (-1) barto.Rd:23-26: Lost braces in \itemize; meant \describe ?
checkRd: (-1) chrY_subseg.Rd:16-17: Lost braces in \itemize; meant \describe ?
checkRd: (-1) chrY_subseg.Rd:18-19: Lost braces in \itemize; meant \describe ?
checkRd: (-1) mauve_bbone.Rd:16-17: Lost braces in \itemize; meant \describe ?
checkRd: (-1) mauve_bbone.Rd:18-19: Lost braces in \itemize; meant \describe ?
checkRd: (-1) three_genes.Rd:17-18: Lost braces in \itemize; meant \describe ?
checkRd: (-1) three_genes.Rd:19-20: Lost braces in \itemize; meant \describe ?
Flavors: r-devel-linux-x86_64-debian-clang, r-devel-linux-x86_64-debian-gcc, r-devel-linux-x86_64-fedora-clang, r-devel-linux-x86_64-fedora-gcc, r-prerel-macos-arm64, r-prerel-windows-x86_64, r-patched-linux-x86_64