Last updated on 2024-04-19 06:56:17 CEST.
Flavor | Version | Tinstall | Tcheck | Ttotal | Status | Flags |
---|---|---|---|---|---|---|
r-devel-linux-x86_64-debian-clang | 1.3 | 5.06 | 47.20 | 52.26 | NOTE | |
r-devel-linux-x86_64-debian-gcc | 1.3 | NOTE | ||||
r-devel-linux-x86_64-fedora-clang | 1.3 | 62.35 | NOTE | |||
r-devel-linux-x86_64-fedora-gcc | 1.3 | 59.43 | NOTE | |||
r-prerel-macos-arm64 | 1.3 | 22.00 | NOTE | |||
r-prerel-windows-x86_64 | 1.3 | 5.00 | 54.00 | 59.00 | NOTE | |
r-patched-linux-x86_64 | 1.3 | 4.21 | 45.52 | 49.73 | NOTE | |
r-release-linux-x86_64 | 1.3 | 3.53 | 44.92 | 48.45 | OK | |
r-release-macos-arm64 | 1.3 | 23.00 | OK | |||
r-release-macos-x86_64 | 1.3 | 33.00 | OK | |||
r-release-windows-x86_64 | 1.3 | 8.00 | 57.00 | 65.00 | OK | |
r-oldrel-macos-arm64 | 1.3 | 22.00 | OK | |||
r-oldrel-windows-x86_64 | 1.3 | 8.00 | 67.00 | 75.00 | OK |
Version: 1.3
Check: Rd files
Result: NOTE
checkRd: (-1) cfunc.new.Rd:57: Lost braces in \itemize; meant \describe ?
checkRd: (-1) cfunc.new.Rd:58-59: Lost braces in \itemize; meant \describe ?
checkRd: (-1) cfunc.new.Rd:60-61: Lost braces in \itemize; meant \describe ?
checkRd: (-1) cfunc.new.Rd:62: Lost braces in \itemize; meant \describe ?
checkRd: (-1) cfunc.new.Rd:63-64: Lost braces in \itemize; meant \describe ?
checkRd: (-1) cfunc.new.Rd:65: Lost braces in \itemize; meant \describe ?
Flavors: r-devel-linux-x86_64-debian-clang, r-devel-linux-x86_64-debian-gcc, r-devel-linux-x86_64-fedora-clang, r-devel-linux-x86_64-fedora-gcc, r-prerel-macos-arm64, r-prerel-windows-x86_64, r-patched-linux-x86_64