Last updated on 2024-03-28 17:49:29 CET.
Flavor | Version | Tinstall | Tcheck | Ttotal | Status | Flags |
---|---|---|---|---|---|---|
r-devel-linux-x86_64-debian-clang | 1.5-18 | 47.12 | 95.01 | 142.13 | OK | |
r-devel-linux-x86_64-debian-gcc | 1.5-18 | 36.85 | 71.31 | 108.16 | OK | |
r-devel-linux-x86_64-fedora-clang | 1.5-18 | 199.73 | OK | |||
r-devel-linux-x86_64-fedora-gcc | 1.5-18 | 196.57 | OK | |||
r-devel-windows-x86_64 | 1.5-18 | 44.00 | 122.00 | 166.00 | OK | |
r-patched-linux-x86_64 | 1.5-18 | 44.13 | 94.20 | 138.33 | OK | |
r-release-linux-x86_64 | 1.5-18 | 48.87 | 91.15 | 140.02 | OK | |
r-release-macos-arm64 | 1.5-18 | 64.00 | OK | |||
r-release-macos-x86_64 | 1.5-18 | 100.00 | NOTE | |||
r-release-windows-x86_64 | 1.5-18 | 43.00 | 144.00 | 187.00 | OK | |
r-oldrel-macos-arm64 | 1.5-18 | 61.00 | OK | |||
r-oldrel-windows-x86_64 | 1.5-18 | 48.00 | 147.00 | 195.00 | OK |
Version: 1.5-18
Check: re-building of vignette outputs
Result: NOTE
Error(s) in re-building vignettes:
...
--- re-building ‘geosphere.Rnw’ using Sweave
Loading required namespace: raster
Error: processing vignette 'geosphere.Rnw' failed with diagnostics:
Running 'texi2dvi' on 'geosphere.tex' failed.
LaTeX errors:
! LaTeX Error: File `hanging.sty' not found.
Type X to quit or <RETURN> to proceed,
or enter new name. (Default extension: sty)
! Emergency stop.
<read *>
l.10 ^^M
! ==> Fatal error occurred, no output PDF file produced!
--- failed re-building ‘geosphere.Rnw’
SUMMARY: processing the following file failed:
‘geosphere.Rnw’
Error: Vignette re-building failed.
Execution halted
Flavor: r-release-macos-x86_64