Last updated on 2024-05-07 18:49:47 CEST.
Flavor | Version | Tinstall | Tcheck | Ttotal | Status | Flags |
---|---|---|---|---|---|---|
r-devel-linux-x86_64-debian-clang | 1.0.1 | 8.81 | 210.51 | 219.32 | OK | |
r-devel-linux-x86_64-debian-gcc | 1.0.1 | 6.26 | 152.98 | 159.24 | OK | |
r-devel-linux-x86_64-fedora-clang | 1.0.1 | 265.15 | NOTE | |||
r-devel-linux-x86_64-fedora-gcc | 1.0.1 | 300.34 | OK | |||
r-devel-windows-x86_64 | 1.0.1 | 10.00 | 144.00 | 154.00 | OK | |
r-patched-linux-x86_64 | 1.0.1 | 6.80 | 197.65 | 204.45 | OK | |
r-release-linux-x86_64 | 1.0.1 | 7.31 | 197.48 | 204.79 | OK | |
r-release-macos-arm64 | 1.0.1 | 71.00 | OK | |||
r-release-windows-x86_64 | 1.0.1 | 10.00 | 143.00 | 153.00 | OK | |
r-oldrel-macos-arm64 | 1.0.1 | 78.00 | OK | |||
r-oldrel-macos-x86_64 | 1.0.1 | 125.00 | OK | |||
r-oldrel-windows-x86_64 | 1.0.1 | 12.00 | 181.00 | 193.00 | OK |
Version: 1.0.1
Check: Rd cross-references
Result: NOTE
Undeclared package ‘rlang’ in Rd xrefs
Flavor: r-devel-linux-x86_64-fedora-clang