Last updated on 2024-05-07 18:49:47 CEST.
Flavor | Version | Tinstall | Tcheck | Ttotal | Status | Flags |
---|---|---|---|---|---|---|
r-devel-linux-x86_64-debian-clang | 0.1.5 | 3.49 | 31.70 | 35.19 | NOTE | |
r-devel-linux-x86_64-debian-gcc | 0.1.5 | 3.46 | 24.57 | 28.03 | NOTE | |
r-devel-linux-x86_64-fedora-clang | 0.1.5 | 47.20 | NOTE | |||
r-devel-linux-x86_64-fedora-gcc | 0.1.5 | 61.34 | NOTE | |||
r-devel-windows-x86_64 | 0.1.5 | 5.00 | 50.00 | 55.00 | NOTE | |
r-patched-linux-x86_64 | 0.1.5 | 3.63 | 29.66 | 33.29 | NOTE | |
r-release-linux-x86_64 | 0.1.5 | 4.39 | 30.75 | 35.14 | NOTE | |
r-release-macos-arm64 | 0.1.5 | 21.00 | NOTE | |||
r-release-windows-x86_64 | 0.1.5 | 5.00 | 50.00 | 55.00 | NOTE | |
r-oldrel-macos-arm64 | 0.1.5 | 20.00 | NOTE | |||
r-oldrel-macos-x86_64 | 0.1.5 | 27.00 | NOTE | |||
r-oldrel-windows-x86_64 | 0.1.5 | 7.00 | 50.00 | 57.00 | NOTE |
Version: 0.1.5
Check: LazyData
Result: NOTE
'LazyData' is specified without a 'data' directory
Flavors: r-devel-linux-x86_64-debian-clang, r-devel-linux-x86_64-debian-gcc, r-devel-linux-x86_64-fedora-clang, r-devel-linux-x86_64-fedora-gcc, r-devel-windows-x86_64, r-patched-linux-x86_64, r-release-linux-x86_64, r-release-macos-arm64, r-release-windows-x86_64, r-oldrel-macos-arm64, r-oldrel-macos-x86_64, r-oldrel-windows-x86_64
Version: 0.1.5
Check: dependencies in R code
Result: NOTE
Namespace in Imports field not imported from: ‘dplyr’
All declared Imports should be used.
Flavors: r-devel-linux-x86_64-fedora-clang, r-devel-linux-x86_64-fedora-gcc