Last updated on 2024-05-07 18:49:47 CEST.
Flavor | Version | Tinstall | Tcheck | Ttotal | Status | Flags |
---|---|---|---|---|---|---|
r-devel-linux-x86_64-debian-clang | 0.2.1 | 5.52 | 52.18 | 57.70 | NOTE | |
r-devel-linux-x86_64-debian-gcc | 0.2.1 | 4.17 | 39.61 | 43.78 | NOTE | |
r-devel-linux-x86_64-fedora-clang | 0.2.1 | 76.23 | NOTE | |||
r-devel-linux-x86_64-fedora-gcc | 0.2.1 | 100.48 | NOTE | |||
r-devel-windows-x86_64 | 0.2.1 | 7.00 | 59.00 | 66.00 | NOTE | |
r-patched-linux-x86_64 | 0.2.1 | 5.19 | 48.16 | 53.35 | NOTE | |
r-release-linux-x86_64 | 0.2.1 | 5.18 | 48.29 | 53.47 | NOTE | |
r-release-macos-arm64 | 0.2.1 | 26.00 | NOTE | |||
r-release-windows-x86_64 | 0.2.1 | 8.00 | 58.00 | 66.00 | NOTE | |
r-oldrel-macos-arm64 | 0.2.1 | 26.00 | NOTE | |||
r-oldrel-macos-x86_64 | 0.2.1 | 42.00 | NOTE | |||
r-oldrel-windows-x86_64 | 0.2.1 | 7.00 | 65.00 | 72.00 | NOTE |
Version: 0.2.1
Check: LazyData
Result: NOTE
'LazyData' is specified without a 'data' directory
Flavors: r-devel-linux-x86_64-debian-clang, r-devel-linux-x86_64-debian-gcc, r-devel-linux-x86_64-fedora-clang, r-devel-linux-x86_64-fedora-gcc, r-devel-windows-x86_64, r-patched-linux-x86_64, r-release-linux-x86_64, r-release-macos-arm64, r-release-windows-x86_64, r-oldrel-macos-arm64, r-oldrel-macos-x86_64, r-oldrel-windows-x86_64