Last updated on 2024-04-24 07:15:03 CEST.
Flavor | Version | Tinstall | Tcheck | Ttotal | Status | Flags |
---|---|---|---|---|---|---|
r-devel-linux-x86_64-debian-clang | 0.2.6.0 | 143.16 | 79.37 | 222.53 | NOTE | |
r-devel-linux-x86_64-debian-gcc | 0.2.6.0 | 114.35 | 57.07 | 171.42 | NOTE | |
r-devel-linux-x86_64-fedora-clang | 0.2.6.0 | 322.65 | NOTE | |||
r-devel-linux-x86_64-fedora-gcc | 0.2.6.0 | 306.27 | NOTE | |||
r-prerel-macos-arm64 | 0.2.6.0 | 67.00 | NOTE | |||
r-prerel-windows-x86_64 | 0.2.6.0 | 110.00 | 96.00 | 206.00 | NOTE | |
r-patched-linux-x86_64 | 0.2.6.0 | 144.75 | 74.59 | 219.34 | NOTE | |
r-release-linux-x86_64 | 0.2.6.0 | 128.87 | 75.19 | 204.06 | NOTE | |
r-release-macos-arm64 | 0.2.6.0 | 73.00 | NOTE | |||
r-release-macos-x86_64 | 0.2.6.0 | 131.00 | NOTE | |||
r-release-windows-x86_64 | 0.2.6.0 | 136.00 | 114.00 | 250.00 | NOTE | |
r-oldrel-macos-arm64 | 0.2.6.0 | 72.00 | NOTE | |||
r-oldrel-windows-x86_64 | 0.2.6.0 | 137.00 | 106.00 | 243.00 | NOTE |
Version: 0.2.6.0
Check: C++ specification
Result: NOTE
Specified C++11: please drop specification unless essential
Flavors: r-devel-linux-x86_64-debian-clang, r-devel-linux-x86_64-debian-gcc, r-devel-linux-x86_64-fedora-clang, r-devel-linux-x86_64-fedora-gcc, r-prerel-macos-arm64, r-prerel-windows-x86_64, r-patched-linux-x86_64, r-release-linux-x86_64, r-release-macos-arm64, r-release-macos-x86_64, r-release-windows-x86_64
Version: 0.2.6.0
Check: LazyData
Result: NOTE
'LazyData' is specified without a 'data' directory
Flavors: r-devel-linux-x86_64-debian-clang, r-devel-linux-x86_64-debian-gcc, r-devel-linux-x86_64-fedora-clang, r-devel-linux-x86_64-fedora-gcc, r-prerel-macos-arm64, r-prerel-windows-x86_64, r-patched-linux-x86_64, r-release-linux-x86_64, r-release-macos-arm64, r-release-macos-x86_64, r-release-windows-x86_64, r-oldrel-macos-arm64, r-oldrel-windows-x86_64
Version: 0.2.6.0
Check: installed package size
Result: NOTE
installed size is 5.4Mb
sub-directories of 1Mb or more:
libs 5.0Mb
Flavors: r-prerel-macos-arm64, r-release-macos-arm64, r-release-macos-x86_64, r-oldrel-macos-arm64