CRAN Package Check Results for Package gge

Last updated on 2018-04-20 18:55:04 CEST.

Flavor Version Tinstall Tcheck Ttotal Status Flags
r-devel-linux-x86_64-debian-clang 1.3 2.28 39.31 41.59 OK
r-devel-linux-x86_64-debian-gcc 1.3 1.99 30.65 32.64 OK
r-devel-linux-x86_64-fedora-clang 1.3 48.86 OK
r-devel-linux-x86_64-fedora-gcc 1.3 48.37 OK
r-devel-windows-ix86+x86_64 1.3 7.00 51.00 58.00 OK
r-devel-osx-x86_64 1.3 OK
r-patched-linux-x86_64 1.3 2.78 37.67 40.45 OK
r-patched-solaris-x86 1.3 78.90 OK
r-release-linux-x86_64 1.3 1.97 43.83 45.80 OK
r-release-windows-ix86+x86_64 1.3 7.00 52.00 59.00 OK
r-release-osx-x86_64 1.3 OK
r-oldrel-windows-ix86+x86_64 1.3 1.00 5.00 6.00 ERROR

Check Details

Version: 1.3
Check: package dependencies
Result: ERROR
    Package required but not available: 'nipals'
    
    See section 'The DESCRIPTION file' in the 'Writing R Extensions'
    manual.
Flavor: r-oldrel-windows-ix86+x86_64