CRAN Package Check Results for Package gge

Last updated on 2018-07-19 18:49:20 CEST.

Flavor Version Tinstall Tcheck Ttotal Status Flags
r-devel-linux-x86_64-debian-clang 1.4 2.22 30.48 32.70 OK
r-devel-linux-x86_64-debian-gcc 1.4 1.76 28.17 29.93 OK
r-devel-linux-x86_64-fedora-clang 1.4 48.19 OK
r-devel-linux-x86_64-fedora-gcc 1.4 43.26 OK
r-devel-windows-ix86+x86_64 1.4 6.00 52.00 58.00 OK
r-patched-linux-x86_64 1.4 1.55 33.32 34.87 OK
r-patched-solaris-x86 1.4 63.70 OK
r-release-linux-x86_64 1.4 1.99 33.50 35.49 OK
r-release-windows-ix86+x86_64 1.4 7.00 64.00 71.00 OK
r-release-osx-x86_64 1.4 ERROR
r-oldrel-windows-ix86+x86_64 1.4 5.00 52.00 57.00 OK
r-oldrel-osx-x86_64 1.4 ERROR

Check Details

Version: 1.4
Check: tests
Result: ERROR
     Running ‘testthat.R’ [2s/2s]
    Running the tests in ‘tests/testthat.R’ failed.
    Last 13 lines of output:
     Switching to 'nipals' method.
     Missing values detected: (3%)
     Missing values detected: (3%)
     Switching to 'nipals' method.
     Missing values detected: (3%)
     Switching to 'nipals' method.
     ── 1. Failure: rgl works (@test_gge.R#162) ────────────────────────────────────
     `{ ... }` produced warnings.
    
     ══ testthat results ═══════════════════════════════════════════════════════════
     OK: 14 SKIPPED: 0 FAILED: 1
     1. Failure: rgl works (@test_gge.R#162)
    
     Error: testthat unit tests failed
     Execution halted
Flavor: r-release-osx-x86_64

Version: 1.4
Check: tests
Result: ERROR
     Running ‘testthat.R’ [3s/3s]
    Running the tests in ‘tests/testthat.R’ failed.
    Last 13 lines of output:
     Switching to 'nipals' method.
     Missing values detected: (3%)
     Missing values detected: (3%)
     Switching to 'nipals' method.
     Missing values detected: (3%)
     Switching to 'nipals' method.
     ── 1. Failure: rgl works (@test_gge.R#162) ────────────────────────────────────
     `{ ... }` produced warnings.
    
     ══ testthat results ═══════════════════════════════════════════════════════════
     OK: 14 SKIPPED: 0 FAILED: 1
     1. Failure: rgl works (@test_gge.R#162)
    
     Error: testthat unit tests failed
     Execution halted
Flavor: r-oldrel-osx-x86_64