CRAN Package Check Results for Package gge

Last updated on 2018-10-21 06:46:35 CEST.

Flavor Version Tinstall Tcheck Ttotal Status Flags
r-devel-linux-x86_64-debian-clang 1.4 2.59 37.76 40.35 OK
r-devel-linux-x86_64-debian-gcc 1.4 1.77 29.38 31.15 OK
r-devel-linux-x86_64-fedora-clang 1.4 48.15 OK
r-devel-linux-x86_64-fedora-gcc 1.4 46.15 OK
r-devel-windows-ix86+x86_64 1.4 4.00 63.00 67.00 OK
r-patched-linux-x86_64 1.4 2.12 33.15 35.27 OK
r-patched-solaris-x86 1.4 61.20 OK
r-release-linux-x86_64 1.4 0.28 2.06 2.34 ERROR
r-release-windows-ix86+x86_64 1.4 6.00 63.00 69.00 OK
r-release-osx-x86_64 1.4 OK
r-oldrel-windows-ix86+x86_64 1.4 5.00 67.00 72.00 OK
r-oldrel-osx-x86_64 1.4 OK

Check Details

Version: 1.4
Check: package dependencies
Result: ERROR
    Package required but not available: ‘rgl’
    
    See section ‘The DESCRIPTION file’ in the ‘Writing R Extensions’
    manual.
Flavor: r-release-linux-x86_64