CRAN Package Check Results for Package gge

Last updated on 2018-01-21 16:49:05 CET.

Flavor Version Tinstall Tcheck Ttotal Status Flags
r-devel-linux-x86_64-debian-clang 1.3 1.48 43.19 44.67 OK
r-devel-linux-x86_64-debian-gcc 1.3 1.30 32.83 34.13 OK
r-devel-linux-x86_64-fedora-clang 1.3 52.85 OK
r-devel-linux-x86_64-fedora-gcc 1.3 49.88 OK
r-devel-windows-ix86+x86_64 1.3 5.00 53.00 58.00 OK
r-patched-linux-x86_64 1.3 1.81 43.29 45.10 OK
r-patched-solaris-x86 1.3 73.00 OK
r-release-linux-x86_64 1.3 1.82 43.60 45.42 OK
r-release-windows-ix86+x86_64 1.3 8.00 59.00 67.00 OK
r-release-osx-x86_64 1.3 OK
r-oldrel-windows-ix86+x86_64 1.3 1.00 6.00 7.00 ERROR
r-oldrel-osx-x86_64 1.3 ERROR

Check Details

Version: 1.3
Check: package dependencies
Result: ERROR
    Package required but not available: 'nipals'
    
    See section 'The DESCRIPTION file' in the 'Writing R Extensions'
    manual.
Flavors: r-oldrel-windows-ix86+x86_64, r-oldrel-osx-x86_64