Last updated on 2024-03-28 06:01:25 CET.
Flavor | Version | Tinstall | Tcheck | Ttotal | Status | Flags |
---|---|---|---|---|---|---|
r-devel-linux-x86_64-debian-clang | 5.1.0 | 7.80 | 119.99 | 127.79 | OK | |
r-devel-linux-x86_64-debian-gcc | 5.1.0 | 7.97 | 87.87 | 95.84 | OK | |
r-devel-linux-x86_64-fedora-clang | 5.1.0 | 170.81 | NOTE | |||
r-devel-linux-x86_64-fedora-gcc | 5.1.0 | 159.43 | NOTE | |||
r-devel-windows-x86_64 | 5.1.0 | 11.00 | 119.00 | 130.00 | OK | |
r-patched-linux-x86_64 | 5.1.0 | 19.26 | 115.34 | 134.60 | OK | |
r-release-linux-x86_64 | 5.1.0 | 10.32 | 111.47 | 121.79 | OK | |
r-release-macos-arm64 | 5.1.0 | 52.00 | OK | |||
r-release-macos-x86_64 | 5.1.0 | 129.00 | OK | |||
r-release-windows-x86_64 | 5.1.0 | 14.00 | 143.00 | 157.00 | OK | |
r-oldrel-macos-arm64 | 5.1.0 | 53.00 | OK | |||
r-oldrel-windows-x86_64 | 5.1.0 | 14.00 | 135.00 | 149.00 | OK |
Version: 5.1.0
Check: data for non-ASCII characters
Result: NOTE
Note: found 138 marked UTF-8 strings
Flavors: r-devel-linux-x86_64-fedora-clang, r-devel-linux-x86_64-fedora-gcc