Last updated on 2024-05-02 18:48:12 CEST.
Flavor | Version | Tinstall | Tcheck | Ttotal | Status | Flags |
---|---|---|---|---|---|---|
r-devel-linux-x86_64-debian-clang | 0.2.2 | 8.77 | 94.02 | 102.79 | OK | |
r-devel-linux-x86_64-debian-gcc | 0.2.2 | 5.38 | 66.04 | 71.42 | OK | |
r-devel-linux-x86_64-fedora-clang | 0.2.2 | 130.21 | NOTE | |||
r-devel-linux-x86_64-fedora-gcc | 0.2.2 | 132.30 | NOTE | |||
r-devel-windows-x86_64 | 0.2.2 | 9.00 | 84.00 | 93.00 | OK | |
r-patched-linux-x86_64 | 0.2.2 | 10.25 | 86.25 | 96.50 | OK | |
r-release-linux-x86_64 | 0.2.2 | 6.79 | 86.38 | 93.17 | OK | |
r-release-macos-arm64 | 0.2.2 | 41.00 | OK | |||
r-release-windows-x86_64 | 0.2.2 | 8.00 | 81.00 | 89.00 | OK | |
r-oldrel-macos-arm64 | 0.2.2 | 44.00 | OK | |||
r-oldrel-macos-x86_64 | 0.2.2 | 75.00 | OK | |||
r-oldrel-windows-x86_64 | 0.2.2 | 11.00 | 96.00 | 107.00 | OK |
Version: 0.2.2
Check: dependencies in R code
Result: NOTE
Namespace in Imports field not imported from: ‘mockery’
All declared Imports should be used.
Flavors: r-devel-linux-x86_64-fedora-clang, r-devel-linux-x86_64-fedora-gcc