Last updated on 2024-03-28 17:49:29 CET.
Flavor | Version | Tinstall | Tcheck | Ttotal | Status | Flags |
---|---|---|---|---|---|---|
r-devel-linux-x86_64-debian-clang | 1.1.9 | 265.73 | 374.81 | 640.54 | OK | |
r-devel-linux-x86_64-debian-gcc | 1.1.9 | 262.28 | 295.92 | 558.20 | OK | |
r-devel-linux-x86_64-fedora-clang | 1.1.9 | 869.22 | NOTE | |||
r-devel-linux-x86_64-fedora-gcc | 1.1.9 | 1001.29 | OK | |||
r-devel-windows-x86_64 | 1.1.9 | 201.00 | 295.00 | 496.00 | NOTE | --no-vignettes |
r-patched-linux-x86_64 | 1.1.9 | 243.80 | 377.68 | 621.48 | OK | |
r-release-linux-x86_64 | 1.1.9 | 225.45 | 370.08 | 595.53 | OK | |
r-release-macos-arm64 | 1.1.9 | 252.00 | NOTE | |||
r-release-macos-x86_64 | 1.1.9 | 484.00 | NOTE | |||
r-release-windows-x86_64 | 1.1.9 | 249.00 | 224.00 | 473.00 | NOTE | --no-vignettes |
r-oldrel-macos-arm64 | 1.1.9 | 229.00 | NOTE | |||
r-oldrel-windows-x86_64 | 1.1.9 | 217.00 | 201.00 | 418.00 | NOTE | --no-vignettes |
Version: 1.1.9
Check: installed package size
Result: NOTE
installed size is 12.0Mb
sub-directories of 1Mb or more:
doc 1.3Mb
libs 6.5Mb
test_data 2.3Mb
vignette_data 1.1Mb
Flavors: r-devel-linux-x86_64-fedora-clang, r-release-macos-arm64, r-release-macos-x86_64, r-oldrel-macos-arm64
Version: 1.1.9
Flags: --no-vignettes
Check: installed package size
Result: NOTE
installed size is 9.8Mb
sub-directories of 1Mb or more:
doc 1.3Mb
libs 4.4Mb
test_data 2.3Mb
vignette_data 1.1Mb
Flavors: r-devel-windows-x86_64, r-release-windows-x86_64, r-oldrel-windows-x86_64