Last updated on 2024-03-28 06:01:25 CET.
Flavor | Version | Tinstall | Tcheck | Ttotal | Status | Flags |
---|---|---|---|---|---|---|
r-devel-linux-x86_64-debian-clang | 2.19.1 | 3.40 | 35.65 | 39.05 | OK | |
r-devel-linux-x86_64-debian-gcc | 2.19.1 | 2.68 | 26.89 | 29.57 | OK | |
r-devel-linux-x86_64-fedora-clang | 2.19.1 | 52.16 | NOTE | |||
r-devel-linux-x86_64-fedora-gcc | 2.19.1 | 46.99 | OK | |||
r-devel-windows-x86_64 | 2.19.1 | 5.00 | 49.00 | 54.00 | OK | |
r-patched-linux-x86_64 | 2.19.1 | 3.59 | 34.66 | 38.25 | OK | |
r-release-linux-x86_64 | 2.19.1 | 3.93 | 33.95 | 37.88 | OK | |
r-release-macos-arm64 | 2.19.1 | 37.00 | OK | |||
r-release-macos-x86_64 | 2.19.1 | 44.00 | OK | |||
r-release-windows-x86_64 | 2.19.1 | 4.00 | 52.00 | 56.00 | OK | |
r-oldrel-macos-arm64 | 2.19.1 | 25.00 | OK | |||
r-oldrel-windows-x86_64 | 2.19.1 | 6.00 | 54.00 | 60.00 | OK |
Version: 2.19.1
Check: Rd cross-references
Result: NOTE
Undeclared package ‘rms’ in Rd xrefs
Flavor: r-devel-linux-x86_64-fedora-clang