Last updated on 2024-04-23 18:50:56 CEST.
Flavor | Version | Tinstall | Tcheck | Ttotal | Status | Flags |
---|---|---|---|---|---|---|
r-devel-linux-x86_64-debian-clang | 0.7-10 | 2.42 | 34.09 | 36.51 | OK | |
r-devel-linux-x86_64-debian-gcc | 0.7-10 | 2.27 | 26.67 | 28.94 | OK | |
r-devel-linux-x86_64-fedora-clang | 0.7-10 | 48.40 | NOTE | |||
r-devel-linux-x86_64-fedora-gcc | 0.7-10 | 61.22 | OK | |||
r-prerel-macos-arm64 | 0.7-10 | 23.00 | OK | |||
r-prerel-windows-x86_64 | 0.7-10 | 4.00 | 47.00 | 51.00 | OK | |
r-patched-linux-x86_64 | 0.7-10 | 2.91 | 33.84 | 36.75 | OK | |
r-release-linux-x86_64 | 0.7-10 | 3.16 | 31.88 | 35.04 | OK | |
r-release-macos-arm64 | 0.7-10 | 36.00 | OK | |||
r-release-macos-x86_64 | 0.7-10 | 81.00 | OK | |||
r-release-windows-x86_64 | 0.7-10 | 5.00 | 49.00 | 54.00 | OK | |
r-oldrel-macos-arm64 | 0.7-10 | 25.00 | OK | |||
r-oldrel-windows-x86_64 | 0.7-10 | 5.00 | 54.00 | 59.00 | OK |
Version: 0.7-10
Check: Rd cross-references
Result: NOTE
Undeclared packages ‘openxlsx’, ‘readxl’ in Rd xrefs
Flavor: r-devel-linux-x86_64-fedora-clang