Last updated on 2024-04-19 19:50:15 CEST.
Flavor | Version | Tinstall | Tcheck | Ttotal | Status | Flags |
---|---|---|---|---|---|---|
r-devel-linux-x86_64-debian-clang | 0.7-5 | 19.46 | 108.18 | 127.64 | NOTE | |
r-devel-linux-x86_64-debian-gcc | 0.7-5 | NOTE | ||||
r-devel-linux-x86_64-fedora-clang | 0.7-5 | 156.79 | NOTE | |||
r-devel-linux-x86_64-fedora-gcc | 0.7-5 | 153.14 | NOTE | |||
r-prerel-macos-arm64 | 0.7-5 | 42.00 | NOTE | |||
r-prerel-windows-x86_64 | 0.7-5 | 15.00 | 91.00 | 106.00 | NOTE | |
r-patched-linux-x86_64 | 0.7-5 | 16.21 | 101.46 | 117.67 | NOTE | |
r-release-linux-x86_64 | 0.7-5 | 14.45 | 105.56 | 120.01 | NOTE | |
r-release-macos-arm64 | 0.7-5 | 47.00 | NOTE | |||
r-release-macos-x86_64 | 0.7-5 | 73.00 | NOTE | |||
r-release-windows-x86_64 | 0.7-5 | 19.00 | 112.00 | 131.00 | NOTE | |
r-oldrel-macos-arm64 | 0.7-5 | 31.00 | OK | |||
r-oldrel-windows-x86_64 | 0.7-5 | 21.00 | 115.00 | 136.00 | OK |
Version: 0.7-5
Check: Rd files
Result: NOTE
checkRd: (-1) BVDWSTOXX.Rd:14: Escaped LaTeX specials: \&
checkRd: (-1) BVDWSTOXX.Rd:15: Escaped LaTeX specials: \&
checkRd: (-1) BVDWSTOXX.Rd:16: Escaped LaTeX specials: \& \&
checkRd: (-1) BVDWSTOXX.Rd:26: Escaped LaTeX specials: \&
checkRd: (-1) BVDWSTOXX.Rd:31: Escaped LaTeX specials: \&
checkRd: (-1) BVDWSTOXX.Rd:34: Escaped LaTeX specials: \&
checkRd: (-1) BVDWSTOXX.Rd:37: Escaped LaTeX specials: \&
Flavors: r-devel-linux-x86_64-debian-clang, r-devel-linux-x86_64-debian-gcc, r-devel-linux-x86_64-fedora-clang, r-devel-linux-x86_64-fedora-gcc, r-prerel-macos-arm64, r-prerel-windows-x86_64, r-patched-linux-x86_64, r-release-linux-x86_64, r-release-macos-arm64, r-release-macos-x86_64, r-release-windows-x86_64
Version: 0.7-5
Check: Rd cross-references
Result: NOTE
Undeclared package ‘fBasics’ in Rd xrefs
Flavor: r-devel-linux-x86_64-fedora-clang