Last updated on 2024-03-28 17:49:30 CET.
Flavor | Version | Tinstall | Tcheck | Ttotal | Status | Flags |
---|---|---|---|---|---|---|
r-devel-linux-x86_64-debian-clang | 3.1.3.1 | 7.27 | 85.03 | 92.30 | NOTE | |
r-devel-linux-x86_64-debian-gcc | 3.1.3.1 | 6.65 | 64.29 | 70.94 | NOTE | |
r-devel-linux-x86_64-fedora-clang | 3.1.3.1 | 117.59 | NOTE | |||
r-devel-linux-x86_64-fedora-gcc | 3.1.3.1 | 126.89 | NOTE | |||
r-devel-windows-x86_64 | 3.1.3.1 | 10.00 | 96.00 | 106.00 | NOTE | |
r-patched-linux-x86_64 | 3.1.3.1 | 10.20 | 81.65 | 91.85 | NOTE | |
r-release-linux-x86_64 | 3.1.3.1 | 7.00 | 81.49 | 88.49 | NOTE | |
r-release-macos-arm64 | 3.1.3.1 | 50.00 | NOTE | |||
r-release-macos-x86_64 | 3.1.3.1 | 136.00 | NOTE | |||
r-release-windows-x86_64 | 3.1.3.1 | 9.00 | 103.00 | 112.00 | NOTE | |
r-oldrel-macos-arm64 | 3.1.3.1 | 41.00 | OK | |||
r-oldrel-windows-x86_64 | 3.1.3.1 | 10.00 | 109.00 | 119.00 | OK |
Version: 3.1.3.1
Check: Rd files
Result: NOTE
checkRd: (-1) barplot2.Rd:219: Escaped LaTeX specials: \_
checkRd: (-1) colorpanel.Rd:31: Escaped LaTeX specials: \#
checkRd: (-1) qqnorm.aov.Rd:33: Escaped LaTeX specials: \&
checkRd: (-1) venn.Rd:21: Lost braces
21 | in code{data} not in this list will be ignored. Use \code{NA} to
| ^
checkRd: (-1) venn.Rd:59: Escaped LaTeX specials: \_
Flavors: r-devel-linux-x86_64-debian-clang, r-devel-linux-x86_64-debian-gcc, r-devel-linux-x86_64-fedora-clang, r-devel-linux-x86_64-fedora-gcc, r-devel-windows-x86_64, r-patched-linux-x86_64
Version: 3.1.3.1
Check: Rd files
Result: NOTE
checkRd: (-1) barplot2.Rd:219: Escaped LaTeX specials: \_
checkRd: (-1) colorpanel.Rd:31: Escaped LaTeX specials: \#
checkRd: (-1) qqnorm.aov.Rd:33: Escaped LaTeX specials: \&
checkRd: (-1) venn.Rd:59: Escaped LaTeX specials: \_
Flavors: r-release-linux-x86_64, r-release-macos-arm64, r-release-macos-x86_64, r-release-windows-x86_64