Last updated on 2024-03-28 17:49:30 CET.
Flavor | Version | Tinstall | Tcheck | Ttotal | Status | Flags |
---|---|---|---|---|---|---|
r-devel-linux-x86_64-debian-clang | 1.6.1 | 60.03 | 63.33 | 123.36 | NOTE | |
r-devel-linux-x86_64-debian-gcc | 1.6.1 | 53.09 | 51.99 | 105.08 | NOTE | |
r-devel-linux-x86_64-fedora-clang | 1.6.1 | 157.35 | NOTE | |||
r-devel-linux-x86_64-fedora-gcc | 1.6.1 | 181.28 | NOTE | |||
r-devel-windows-x86_64 | 1.6.1 | 49.00 | 93.00 | 142.00 | NOTE | |
r-patched-linux-x86_64 | 1.6.1 | 61.50 | 65.09 | 126.59 | NOTE | |
r-release-linux-x86_64 | 1.6.1 | 66.42 | 67.17 | 133.59 | NOTE | |
r-release-macos-arm64 | 1.6.1 | 51.00 | NOTE | |||
r-release-macos-x86_64 | 1.6.1 | 75.00 | NOTE | |||
r-release-windows-x86_64 | 1.6.1 | 57.00 | 112.00 | 169.00 | NOTE | |
r-oldrel-macos-arm64 | 1.6.1 | 50.00 | NOTE | |||
r-oldrel-windows-x86_64 | 1.6.1 | 56.00 | 145.00 | 201.00 | OK |
Version: 1.6.1
Check: C++ specification
Result: NOTE
Specified C++11: please drop specification unless essential
Flavors: r-devel-linux-x86_64-debian-clang, r-devel-linux-x86_64-debian-gcc, r-devel-linux-x86_64-fedora-clang, r-devel-linux-x86_64-fedora-gcc, r-devel-windows-x86_64, r-patched-linux-x86_64, r-release-linux-x86_64, r-release-macos-arm64, r-release-macos-x86_64, r-release-windows-x86_64
Version: 1.6.1
Check: installed package size
Result: NOTE
installed size is 11.7Mb
sub-directories of 1Mb or more:
libs 11.5Mb
Flavors: r-release-macos-arm64, r-release-macos-x86_64, r-oldrel-macos-arm64