Last updated on 2024-05-07 06:55:53 CEST.
Flavor | Version | Tinstall | Tcheck | Ttotal | Status | Flags |
---|---|---|---|---|---|---|
r-devel-linux-x86_64-debian-clang | 0.2 | 481.21 | 138.75 | 619.96 | NOTE | |
r-devel-linux-x86_64-debian-gcc | 0.2 | 457.28 | 132.22 | 589.50 | NOTE | |
r-devel-linux-x86_64-fedora-clang | 0.2 | 825.24 | NOTE | |||
r-devel-linux-x86_64-fedora-gcc | 0.2 | 1222.48 | NOTE | |||
r-devel-windows-x86_64 | 0.2 | 413.00 | 154.00 | 567.00 | NOTE | |
r-patched-linux-x86_64 | 0.2 | 389.51 | 170.35 | 559.86 | NOTE | |
r-release-linux-x86_64 | 0.2 | 435.51 | 166.01 | 601.52 | NOTE | |
r-release-macos-arm64 | 0.2 | 189.00 | NOTE | |||
r-release-windows-x86_64 | 0.2 | 399.00 | 157.00 | 556.00 | NOTE | |
r-oldrel-macos-arm64 | 0.2 | 233.00 | NOTE | |||
r-oldrel-macos-x86_64 | 0.2 | 264.00 | NOTE | |||
r-oldrel-windows-x86_64 | 0.2 | 498.00 | 183.00 | 681.00 | NOTE |
Version: 0.2
Check: for GNU extensions in Makefiles
Result: NOTE
GNU make is a SystemRequirements.
Flavors: r-devel-linux-x86_64-debian-clang, r-devel-linux-x86_64-debian-gcc, r-devel-linux-x86_64-fedora-clang, r-devel-linux-x86_64-fedora-gcc, r-devel-windows-x86_64, r-patched-linux-x86_64, r-release-linux-x86_64, r-release-macos-arm64, r-release-windows-x86_64, r-oldrel-macos-arm64, r-oldrel-macos-x86_64, r-oldrel-windows-x86_64
Version: 0.2
Check: installed package size
Result: NOTE
installed size is 58.6Mb
sub-directories of 1Mb or more:
libs 58.4Mb
Flavors: r-release-macos-arm64, r-oldrel-macos-arm64, r-oldrel-macos-x86_64