Last updated on 2024-03-28 06:01:26 CET.
Flavor | Version | Tinstall | Tcheck | Ttotal | Status | Flags |
---|---|---|---|---|---|---|
r-devel-linux-x86_64-debian-clang | 1.7-5 | 12.38 | 160.03 | 172.41 | NOTE | |
r-devel-linux-x86_64-debian-gcc | 1.7-5 | 9.95 | 118.41 | 128.36 | NOTE | |
r-devel-linux-x86_64-fedora-clang | 1.7-5 | 215.16 | NOTE | |||
r-devel-linux-x86_64-fedora-gcc | 1.7-5 | 218.18 | NOTE | |||
r-devel-windows-x86_64 | 1.7-5 | 13.00 | 161.00 | 174.00 | NOTE | |
r-patched-linux-x86_64 | 1.7-5 | 16.38 | 150.62 | 167.00 | OK | |
r-release-linux-x86_64 | 1.7-5 | 11.67 | 155.24 | 166.91 | OK | |
r-release-macos-arm64 | 1.7-5 | 69.00 | OK | |||
r-release-macos-x86_64 | 1.7-5 | 116.00 | OK | |||
r-release-windows-x86_64 | 1.7-5 | 15.00 | 184.00 | 199.00 | OK | |
r-oldrel-macos-arm64 | 1.7-5 | 61.00 | OK | |||
r-oldrel-windows-x86_64 | 1.7-5 | 17.00 | 195.00 | 212.00 | OK |
Version: 1.7-5
Check: Rd files
Result: NOTE
checkRd: (-1) NEWS.Rd:669: Lost braces; missing escapes or markup?
669 | parameters are rounded so they belong to one of {0, 0.5, 1}. (Simon)
| ^
checkRd: (-1) gradients.Rd:96-99: Lost braces in \itemize; meant \describe ?
checkRd: (-1) gradients.Rd:100-103: Lost braces in \itemize; meant \describe ?
checkRd: (-1) gradients.Rd:104-107: Lost braces in \itemize; meant \describe ?
Flavors: r-devel-linux-x86_64-debian-clang, r-devel-linux-x86_64-debian-gcc, r-devel-linux-x86_64-fedora-clang, r-devel-linux-x86_64-fedora-gcc, r-devel-windows-x86_64