Last updated on 2024-05-07 18:49:48 CEST.
Flavor | Version | Tinstall | Tcheck | Ttotal | Status | Flags |
---|---|---|---|---|---|---|
r-devel-linux-x86_64-debian-clang | 0.0.1 | 22.27 | 29.30 | 51.57 | NOTE | |
r-devel-linux-x86_64-debian-gcc | 0.0.1 | 13.60 | 23.27 | 36.87 | NOTE | |
r-devel-linux-x86_64-fedora-clang | 0.0.1 | 71.84 | NOTE | |||
r-devel-linux-x86_64-fedora-gcc | 0.0.1 | 111.87 | NOTE | |||
r-devel-windows-x86_64 | 0.0.1 | 16.00 | 59.00 | 75.00 | NOTE | |
r-patched-linux-x86_64 | 0.0.1 | 17.75 | 28.35 | 46.10 | NOTE | |
r-release-linux-x86_64 | 0.0.1 | 18.88 | 29.41 | 48.29 | NOTE | |
r-release-macos-arm64 | 0.0.1 | 21.00 | NOTE | |||
r-release-windows-x86_64 | 0.0.1 | 17.00 | 64.00 | 81.00 | NOTE | |
r-oldrel-macos-arm64 | 0.0.1 | 24.00 | NOTE | |||
r-oldrel-macos-x86_64 | 0.0.1 | 34.00 | NOTE | |||
r-oldrel-windows-x86_64 | 0.0.1 | 16.00 | 68.00 | 84.00 | NOTE |
Version: 0.0.1
Check: LazyData
Result: NOTE
'LazyData' is specified without a 'data' directory
Flavors: r-devel-linux-x86_64-debian-clang, r-devel-linux-x86_64-debian-gcc, r-devel-linux-x86_64-fedora-clang, r-devel-linux-x86_64-fedora-gcc, r-devel-windows-x86_64, r-patched-linux-x86_64, r-release-linux-x86_64, r-release-macos-arm64, r-release-windows-x86_64, r-oldrel-macos-arm64, r-oldrel-macos-x86_64, r-oldrel-windows-x86_64
Version: 0.0.1
Check: Rd cross-references
Result: NOTE
Undeclared package ‘nflfastR’ in Rd xrefs
Flavor: r-devel-linux-x86_64-fedora-clang