Last updated on 2024-04-19 19:50:15 CEST.
Flavor | Version | Tinstall | Tcheck | Ttotal | Status | Flags |
---|---|---|---|---|---|---|
r-devel-linux-x86_64-debian-clang | 1.2.1 | 66.62 | 124.44 | 191.06 | NOTE | |
r-devel-linux-x86_64-debian-gcc | 1.2.1 | NOTE | ||||
r-devel-linux-x86_64-fedora-clang | 1.2.1 | 241.57 | NOTE | |||
r-devel-linux-x86_64-fedora-gcc | 1.2.1 | 232.97 | NOTE | |||
r-prerel-macos-arm64 | 1.2.1 | 61.00 | NOTE | |||
r-prerel-windows-x86_64 | 1.2.1 | 50.00 | 120.00 | 170.00 | NOTE | |
r-patched-linux-x86_64 | 1.2.1 | 65.41 | 120.72 | 186.13 | NOTE | |
r-release-linux-x86_64 | 1.2.1 | 55.11 | 119.92 | 175.03 | NOTE | |
r-release-macos-arm64 | 1.2.1 | 68.00 | NOTE | |||
r-release-macos-x86_64 | 1.2.1 | 111.00 | NOTE | |||
r-release-windows-x86_64 | 1.2.1 | 62.00 | 149.00 | 211.00 | NOTE | |
r-oldrel-macos-arm64 | 1.2.1 | 61.00 | OK | |||
r-oldrel-windows-x86_64 | 1.2.1 | 63.00 | 138.00 | 201.00 | OK |
Version: 1.2.1
Check: C++ specification
Result: NOTE
Specified C++11: please drop specification unless essential
Flavors: r-devel-linux-x86_64-debian-clang, r-devel-linux-x86_64-debian-gcc, r-devel-linux-x86_64-fedora-clang, r-devel-linux-x86_64-fedora-gcc, r-prerel-macos-arm64, r-prerel-windows-x86_64, r-patched-linux-x86_64, r-release-linux-x86_64, r-release-macos-arm64, r-release-macos-x86_64, r-release-windows-x86_64