Last updated on 2024-04-23 06:56:58 CEST.
Flavor | Version | Tinstall | Tcheck | Ttotal | Status | Flags |
---|---|---|---|---|---|---|
r-devel-linux-x86_64-debian-clang | 1.10-2 | 2.28 | 35.29 | 37.57 | NOTE | |
r-devel-linux-x86_64-debian-gcc | 1.10-2 | 1.87 | 26.48 | 28.35 | NOTE | |
r-devel-linux-x86_64-fedora-clang | 1.10-2 | 46.71 | NOTE | |||
r-devel-linux-x86_64-fedora-gcc | 1.10-2 | 56.73 | NOTE | |||
r-prerel-macos-arm64 | 1.10-2 | 25.00 | NOTE | |||
r-prerel-windows-x86_64 | 1.10-2 | 2.00 | 61.00 | 63.00 | NOTE | |
r-patched-linux-x86_64 | 1.10-2 | 2.11 | 34.27 | 36.38 | NOTE | |
r-release-linux-x86_64 | 1.10-2 | 2.56 | 32.46 | 35.02 | OK | |
r-release-macos-arm64 | 1.10-2 | 28.00 | OK | |||
r-release-macos-x86_64 | 1.10-2 | 45.00 | OK | |||
r-release-windows-x86_64 | 1.10-2 | 3.00 | 58.00 | 61.00 | OK | |
r-oldrel-macos-arm64 | 1.10-2 | 21.00 | OK | |||
r-oldrel-windows-x86_64 | 1.10-2 | 6.00 | 69.00 | 75.00 | OK |
Version: 1.10-2
Check: Rd files
Result: NOTE
checkRd: (-1) gumbel.Rd:65: Lost braces in \itemize; meant \describe ?
checkRd: (-1) gumbel.Rd:66: Lost braces in \itemize; meant \describe ?
checkRd: (-1) gumbel.Rd:67: Lost braces in \itemize; meant \describe ?
checkRd: (-1) gumbel.Rd:73: Lost braces in \itemize; meant \describe ?
checkRd: (-1) gumbel.Rd:74: Lost braces in \itemize; meant \describe ?
checkRd: (-1) gumbel.Rd:75: Lost braces in \itemize; meant \describe ?
Flavors: r-devel-linux-x86_64-debian-clang, r-devel-linux-x86_64-debian-gcc, r-devel-linux-x86_64-fedora-clang, r-devel-linux-x86_64-fedora-gcc, r-prerel-macos-arm64, r-prerel-windows-x86_64, r-patched-linux-x86_64