Last updated on 2024-03-28 06:01:26 CET.
Flavor | Version | Tinstall | Tcheck | Ttotal | Status | Flags |
---|---|---|---|---|---|---|
r-devel-linux-x86_64-debian-clang | 0.8.0 | 10.27 | 122.90 | 133.17 | OK | |
r-devel-linux-x86_64-debian-gcc | 0.8.0 | 9.47 | 92.58 | 102.05 | OK | |
r-devel-linux-x86_64-fedora-clang | 0.8.0 | 168.30 | NOTE | |||
r-devel-linux-x86_64-fedora-gcc | 0.8.0 | 173.41 | OK | |||
r-devel-windows-x86_64 | 0.8.0 | 10.00 | 111.00 | 121.00 | OK | |
r-patched-linux-x86_64 | 0.8.0 | 12.91 | 115.46 | 128.37 | OK | |
r-release-linux-x86_64 | 0.8.0 | 7.64 | 115.90 | 123.54 | OK | |
r-release-macos-arm64 | 0.8.0 | 52.00 | OK | |||
r-release-macos-x86_64 | 0.8.0 | 90.00 | OK | |||
r-release-windows-x86_64 | 0.8.0 | 14.00 | 129.00 | 143.00 | OK | |
r-oldrel-macos-arm64 | 0.8.0 | 44.00 | OK | |||
r-oldrel-windows-x86_64 | 0.8.0 | 15.00 | 129.00 | 144.00 | OK |
Version: 0.8.0
Check: Rd cross-references
Result: NOTE
Undeclared package ‘mnis’ in Rd xrefs
Flavor: r-devel-linux-x86_64-fedora-clang