Last updated on 2024-05-07 18:49:48 CEST.
Flavor | Version | Tinstall | Tcheck | Ttotal | Status | Flags |
---|---|---|---|---|---|---|
r-devel-linux-x86_64-debian-clang | 0.1.2 | 5.87 | 54.29 | 60.16 | OK | |
r-devel-linux-x86_64-debian-gcc | 0.1.2 | 4.17 | 39.48 | 43.65 | OK | |
r-devel-linux-x86_64-fedora-clang | 0.1.2 | 77.50 | OK | |||
r-devel-linux-x86_64-fedora-gcc | 0.1.2 | 138.16 | OK | |||
r-devel-windows-x86_64 | 0.1.2 | 6.00 | 58.00 | 64.00 | OK | |
r-patched-linux-x86_64 | 0.1.2 | 5.86 | 52.46 | 58.32 | OK | |
r-release-linux-x86_64 | 0.1.2 | 6.18 | 51.42 | 57.60 | OK | |
r-release-macos-arm64 | 0.1.2 | 30.00 | OK | |||
r-release-macos-x86_64 | 0.1.2 | 58.00 | OK | |||
r-release-windows-x86_64 | 0.1.2 | 5.00 | 58.00 | 63.00 | OK | |
r-oldrel-macos-arm64 | 0.1.2 | 6.00 | ERROR | |||
r-oldrel-macos-x86_64 | 0.1.2 | 30.00 | OK | |||
r-oldrel-windows-x86_64 | 0.1.2 | 5.00 | 62.00 | 67.00 | OK |
Version: 0.1.2
Check: package dependencies
Result: ERROR
Package required but not available: ‘Heatplus’
See section ‘The DESCRIPTION file’ in the ‘Writing R Extensions’
manual.
Flavor: r-oldrel-macos-arm64