CRAN Package Check Results for Package helsinki

Last updated on 2018-04-20 18:55:06 CEST.

Flavor Version Tinstall Tcheck Ttotal Status Flags
r-devel-linux-x86_64-debian-clang 0.9.29 2.22 37.06 39.28 OK
r-devel-linux-x86_64-debian-gcc 0.9.29 1.76 30.03 31.79 OK
r-devel-linux-x86_64-fedora-clang 0.9.29 49.52 NOTE
r-devel-linux-x86_64-fedora-gcc 0.9.29 47.25 NOTE
r-devel-windows-ix86+x86_64 0.9.29 9.00 68.00 77.00 OK
r-devel-osx-x86_64 0.9.29 NOTE
r-patched-linux-x86_64 0.9.29 2.22 36.08 38.30 OK
r-patched-solaris-x86 0.9.29 82.80 NOTE
r-release-linux-x86_64 0.9.29 2.28 42.51 44.79 OK
r-release-windows-ix86+x86_64 0.9.29 10.00 69.00 79.00 OK
r-release-osx-x86_64 0.9.29 NOTE
r-oldrel-windows-ix86+x86_64 0.9.29 11.00 62.00 73.00 OK

Check Details

Version: 0.9.29
Check: data for non-ASCII characters
Result: NOTE
     Note: found 37185 marked UTF-8 strings
Flavors: r-devel-linux-x86_64-fedora-clang, r-devel-linux-x86_64-fedora-gcc, r-devel-osx-x86_64, r-patched-solaris-x86, r-release-osx-x86_64