CRAN Package Check Results for Package helsinki

Last updated on 2018-01-21 16:49:07 CET.

Flavor Version Tinstall Tcheck Ttotal Status Flags
r-devel-linux-x86_64-debian-clang 0.9.29 1.81 40.24 42.05 OK
r-devel-linux-x86_64-debian-gcc 0.9.29 1.60 31.58 33.18 OK
r-devel-linux-x86_64-fedora-clang 0.9.29 49.31 NOTE
r-devel-linux-x86_64-fedora-gcc 0.9.29 48.52 NOTE
r-devel-windows-ix86+x86_64 0.9.29 7.00 69.00 76.00 OK
r-patched-linux-x86_64 0.9.29 2.00 42.80 44.80 OK
r-patched-solaris-x86 0.9.29 83.30 NOTE
r-release-linux-x86_64 0.9.29 1.77 43.03 44.80 OK
r-release-windows-ix86+x86_64 0.9.29 11.00 75.00 86.00 OK
r-release-osx-x86_64 0.9.29 NOTE
r-oldrel-windows-ix86+x86_64 0.9.29 10.00 68.00 78.00 OK
r-oldrel-osx-x86_64 0.9.29 NOTE

Check Details

Version: 0.9.29
Check: data for non-ASCII characters
Result: NOTE
     Note: found 37185 marked UTF-8 strings
Flavors: r-devel-linux-x86_64-fedora-clang, r-devel-linux-x86_64-fedora-gcc, r-patched-solaris-x86, r-release-osx-x86_64, r-oldrel-osx-x86_64