CRAN Package Check Results for Package helsinki

Last updated on 2018-10-21 06:46:37 CEST.

Flavor Version Tinstall Tcheck Ttotal Status Flags
r-devel-linux-x86_64-debian-clang 0.9.29 2.79 42.15 44.94 OK
r-devel-linux-x86_64-debian-gcc 0.9.29 1.86 34.00 35.86 OK
r-devel-linux-x86_64-fedora-clang 0.9.29 59.40 NOTE
r-devel-linux-x86_64-fedora-gcc 0.9.29 61.05 NOTE
r-devel-windows-ix86+x86_64 0.9.29 9.00 110.00 119.00 OK
r-patched-linux-x86_64 0.9.29 2.36 36.84 39.20 OK
r-patched-solaris-x86 0.9.29 83.20 NOTE
r-release-linux-x86_64 0.9.29 2.49 36.73 39.22 OK
r-release-windows-ix86+x86_64 0.9.29 10.00 103.00 113.00 OK
r-release-osx-x86_64 0.9.29 NOTE
r-oldrel-windows-ix86+x86_64 0.9.29 8.00 105.00 113.00 OK
r-oldrel-osx-x86_64 0.9.29 NOTE

Check Details

Version: 0.9.29
Check: data for non-ASCII characters
Result: NOTE
     Note: found 37185 marked UTF-8 strings
Flavors: r-devel-linux-x86_64-fedora-clang, r-devel-linux-x86_64-fedora-gcc, r-patched-solaris-x86, r-release-osx-x86_64, r-oldrel-osx-x86_64