Last updated on 2024-05-07 06:55:53 CEST.
Flavor | Version | Tinstall | Tcheck | Ttotal | Status | Flags |
---|---|---|---|---|---|---|
r-devel-linux-x86_64-debian-clang | 0.1-10 | 609.94 | 33.44 | 643.38 | NOTE | |
r-devel-linux-x86_64-debian-gcc | 0.1-10 | 739.65 | 25.23 | 764.88 | NOTE | |
r-devel-linux-x86_64-fedora-clang | 0.1-10 | 1109.82 | NOTE | |||
r-devel-linux-x86_64-fedora-gcc | 0.1-10 | 1567.09 | NOTE | |||
r-devel-windows-x86_64 | 0.1-10 | 580.00 | 90.00 | 670.00 | NOTE | |
r-patched-linux-x86_64 | 0.1-10 | 971.18 | 31.69 | 1002.87 | NOTE | |
r-release-linux-x86_64 | 0.1-10 | 986.70 | 31.77 | 1018.47 | NOTE | |
r-release-macos-arm64 | 0.1-10 | 194.00 | NOTE | |||
r-release-windows-x86_64 | 0.1-10 | 575.00 | 90.00 | 665.00 | NOTE | |
r-oldrel-macos-arm64 | 0.1-10 | 237.00 | NOTE | |||
r-oldrel-macos-x86_64 | 0.1-10 | 181.00 | NOTE | |||
r-oldrel-windows-x86_64 | 0.1-10 | 553.00 | 101.00 | 654.00 | NOTE |
Version: 0.1-10
Check: C++ specification
Result: NOTE
Specified C++11: please drop specification unless essential
Flavors: r-devel-linux-x86_64-debian-clang, r-devel-linux-x86_64-debian-gcc, r-devel-linux-x86_64-fedora-clang, r-devel-linux-x86_64-fedora-gcc, r-devel-windows-x86_64, r-patched-linux-x86_64, r-release-linux-x86_64, r-release-macos-arm64, r-release-windows-x86_64, r-oldrel-macos-arm64, r-oldrel-macos-x86_64, r-oldrel-windows-x86_64
Version: 0.1-10
Check: installed package size
Result: NOTE
installed size is 46.0Mb
sub-directories of 1Mb or more:
libs 45.8Mb
Flavors: r-release-macos-arm64, r-oldrel-macos-arm64, r-oldrel-macos-x86_64